CRAN Package Check Results for Package primate

Last updated on 2025-07-22 12:49:41 CEST.

Flavor Version Tinstall Tcheck Ttotal Status Flags
r-devel-linux-x86_64-debian-clang 0.2.0 1.77 36.34 38.11 NOTE
r-devel-linux-x86_64-debian-gcc 0.2.0 1.45 26.62 28.07 NOTE
r-devel-linux-x86_64-fedora-clang 0.2.0 60.41 OK
r-devel-linux-x86_64-fedora-gcc 0.2.0 71.78 OK
r-devel-windows-x86_64 0.2.0 3.00 64.00 67.00 OK
r-patched-linux-x86_64 0.2.0 1.83 34.53 36.36 OK
r-release-linux-x86_64 0.2.0 1.76 33.98 35.74 OK
r-release-macos-arm64 0.2.0 27.00 OK
r-release-macos-x86_64 0.2.0 61.00 OK
r-release-windows-x86_64 0.2.0 3.00 66.00 69.00 OK
r-oldrel-macos-arm64 0.2.0 28.00 OK
r-oldrel-macos-x86_64 0.2.0 47.00 OK
r-oldrel-windows-x86_64 0.2.0 5.00 71.00 76.00 OK

Additional issues

donttest

Check Details

Version: 0.2.0
Check: CRAN incoming feasibility
Result: NOTE Maintainer: ‘David Schruth <data@anthropoidea.org>’ No Authors@R field in DESCRIPTION. Please add one, modifying Authors@R: c(person(given = "David", family = "Schruth", role = "cre", email = "data@anthropoidea.org"), person(given = "Marc", family = "Myers", role = "ctb"), person(given = "Noel", family = "Rowe", role = "aut")) as necessary. Flavors: r-devel-linux-x86_64-debian-clang, r-devel-linux-x86_64-debian-gcc