Last updated on 2025-05-03 12:54:50 CEST.
Flavor | Version | Tinstall | Tcheck | Ttotal | Status | Flags |
---|---|---|---|---|---|---|
r-devel-linux-x86_64-debian-clang | 8.0.6 | 357.91 | 403.88 | 761.79 | OK | |
r-devel-linux-x86_64-debian-gcc | 8.0.6 | 245.63 | 265.02 | 510.65 | OK | |
r-devel-linux-x86_64-fedora-clang | 8.0.6 | 1441.26 | OK | |||
r-devel-linux-x86_64-fedora-gcc | 8.0.6 | 1392.75 | OK | |||
r-devel-windows-x86_64 | 8.0.6 | 401.00 | 414.00 | 815.00 | OK | |
r-patched-linux-x86_64 | 8.0.6 | 335.86 | 383.03 | 718.89 | OK | |
r-release-linux-x86_64 | OK | |||||
r-release-macos-arm64 | 8.0.6 | 266.00 | OK | |||
r-release-macos-x86_64 | 8.0.6 | 491.00 | OK | |||
r-release-windows-x86_64 | 8.0.6 | 402.00 | 404.00 | 806.00 | OK | |
r-oldrel-macos-arm64 | 8.0.6 | 304.00 | NOTE | |||
r-oldrel-macos-x86_64 | 8.0.6 | 370.00 | NOTE | |||
r-oldrel-windows-x86_64 | 8.0.6 | 443.00 | 9.00 | 452.00 | ERROR |
Version: 8.0.6
Check: package dependencies
Result: NOTE
Packages suggested but not available for checking:
'gurobi', 'rcbc', 'cplexAPI'
Flavors: r-oldrel-macos-arm64, r-oldrel-macos-x86_64, r-oldrel-windows-x86_64
Version: 8.0.6
Check: installed package size
Result: NOTE
installed size is 20.0Mb
sub-directories of 1Mb or more:
R 2.0Mb
doc 4.7Mb
libs 11.3Mb
Flavors: r-oldrel-macos-arm64, r-oldrel-macos-x86_64
Version: 8.0.6
Check: whether package can be installed
Result: ERROR
Installation failed.
Flavor: r-oldrel-windows-x86_64