CRAN Package Check Results for Package prioritylasso

Last updated on 2025-07-22 12:49:42 CEST.

Flavor Version Tinstall Tcheck Ttotal Status Flags
r-devel-linux-x86_64-debian-clang 0.3.1 8.50 142.29 150.79 NOTE
r-devel-linux-x86_64-debian-gcc 0.3.1 6.78 95.03 101.81 NOTE
r-devel-linux-x86_64-fedora-clang 0.3.1 235.92 OK
r-devel-linux-x86_64-fedora-gcc 0.3.1 242.72 OK
r-devel-windows-x86_64 0.3.1 9.00 128.00 137.00 OK
r-patched-linux-x86_64 0.3.1 8.11 137.41 145.52 OK
r-release-linux-x86_64 0.3.1 7.33 136.79 144.12 OK
r-release-macos-arm64 0.3.1 86.00 OK
r-release-macos-x86_64 0.3.1 182.00 OK
r-release-windows-x86_64 0.3.1 10.00 131.00 141.00 OK
r-oldrel-macos-arm64 0.3.1 68.00 OK
r-oldrel-macos-x86_64 0.3.1 131.00 OK
r-oldrel-windows-x86_64 0.3.1 12.00 186.00 198.00 OK

Check Details

Version: 0.3.1
Check: CRAN incoming feasibility
Result: NOTE Maintainer: ‘Roman Hornung <hornung@ibe.med.uni-muenchen.de>’ No Authors@R field in DESCRIPTION. Please add one, modifying Authors@R: c(person(given = "Simon", family = "Klau", role = "aut"), person(given = "Roman", family = "Hornung", role = c("aut", "cre"), email = "hornung@ibe.med.uni-muenchen.de"), person(given = "Alina", family = "Bauer", role = "aut"), person(given = "Jonas", family = "Hagenberg", role = "aut")) as necessary. Flavors: r-devel-linux-x86_64-debian-clang, r-devel-linux-x86_64-debian-gcc