Last updated on 2025-05-07 03:51:10 CEST.
Flavor | Version | Tinstall | Tcheck | Ttotal | Status | Flags |
---|---|---|---|---|---|---|
r-devel-linux-x86_64-debian-clang | 1.2 | 2.09 | 23.69 | 25.78 | NOTE | |
r-devel-linux-x86_64-debian-gcc | 1.2 | 1.79 | 18.62 | 20.41 | NOTE | |
r-devel-linux-x86_64-fedora-clang | 1.2 | 40.42 | OK | |||
r-devel-linux-x86_64-fedora-gcc | 1.2 | 38.14 | OK | |||
r-devel-windows-x86_64 | 1.2 | 4.00 | 44.00 | 48.00 | OK | |
r-patched-linux-x86_64 | 1.2 | 2.38 | 22.61 | 24.99 | OK | |
r-release-linux-x86_64 | 1.2 | 2.20 | 22.20 | 24.40 | OK | |
r-release-macos-arm64 | 1.2 | 18.00 | OK | |||
r-release-macos-x86_64 | 1.2 | 33.00 | OK | |||
r-release-windows-x86_64 | 1.2 | 3.00 | 46.00 | 49.00 | OK | |
r-oldrel-macos-arm64 | 1.2 | 17.00 | OK | |||
r-oldrel-macos-x86_64 | 1.2 | 23.00 | OK | |||
r-oldrel-windows-x86_64 | 1.2 | 4.00 | 49.00 | 53.00 | OK |
Version: 1.2
Check: CRAN incoming feasibility
Result: NOTE
Maintainer: ‘C.W. Hu <wendyhu001@gmail.com>’
No Authors@R field in DESCRIPTION.
Please add one, modifying
Authors@R: person(given = "C.W.",
family = "Hu",
role = c("aut", "cre"),
email = "wendyhu001@gmail.com")
as necessary.
File 'R/progenyClust-internal.R' sets .Random.seed.
This is usually neither needed nor wanted.
Flavors: r-devel-linux-x86_64-debian-clang, r-devel-linux-x86_64-debian-gcc