CRAN Package Check Results for Package projects

Last updated on 2025-07-22 12:49:42 CEST.

Flavor Version Tinstall Tcheck Ttotal Status Flags
r-devel-linux-x86_64-debian-clang 2.1.3 4.87 49.19 54.06 OK
r-devel-linux-x86_64-debian-gcc 2.1.3 3.96 35.49 39.45 OK
r-devel-linux-x86_64-fedora-clang 2.1.3 83.43 NOTE
r-devel-linux-x86_64-fedora-gcc 2.1.3 78.81 NOTE
r-devel-windows-x86_64 2.1.3 7.00 65.00 72.00 OK
r-patched-linux-x86_64 2.1.3 6.08 44.34 50.42 OK
r-release-linux-x86_64 2.1.3 4.80 44.43 49.23 OK
r-release-macos-arm64 2.1.3 29.00 OK
r-release-macos-x86_64 2.1.3 95.00 OK
r-release-windows-x86_64 2.1.3 7.00 68.00 75.00 OK
r-oldrel-macos-arm64 2.1.3 27.00 OK
r-oldrel-macos-x86_64 2.1.3 65.00 OK
r-oldrel-windows-x86_64 2.1.3 10.00 79.00 89.00 OK

Check Details

Version: 2.1.3
Check: dependencies in R code
Result: NOTE Namespace in Imports field not imported from: ‘methods’ All declared Imports should be used. Flavors: r-devel-linux-x86_64-fedora-clang, r-devel-linux-x86_64-fedora-gcc