Last updated on 2025-07-24 06:49:35 CEST.
Flavor | Version | Tinstall | Tcheck | Ttotal | Status | Flags |
---|---|---|---|---|---|---|
r-devel-linux-x86_64-debian-clang | 1.2 | 57.64 | 82.59 | 140.23 | NOTE | |
r-devel-linux-x86_64-debian-gcc | 1.2 | 38.50 | 58.92 | 97.42 | NOTE | |
r-devel-linux-x86_64-fedora-clang | 1.2 | 241.88 | NOTE | |||
r-devel-linux-x86_64-fedora-gcc | 1.2 | 219.45 | NOTE | |||
r-devel-windows-x86_64 | 1.2 | 62.00 | 105.00 | 167.00 | NOTE | |
r-patched-linux-x86_64 | 1.2 | 55.03 | 77.50 | 132.53 | NOTE | |
r-release-linux-x86_64 | 1.2 | 52.51 | 78.46 | 130.97 | NOTE | |
r-release-macos-arm64 | 1.2 | 67.00 | NOTE | |||
r-release-macos-x86_64 | 1.2 | 104.00 | NOTE | |||
r-release-windows-x86_64 | 1.2 | 62.00 | 107.00 | 169.00 | NOTE | |
r-oldrel-macos-arm64 | 1.2 | 60.00 | NOTE | |||
r-oldrel-macos-x86_64 | 1.2 | 78.00 | NOTE | |||
r-oldrel-windows-x86_64 | 1.2 | 75.00 | 131.00 | 206.00 | NOTE |
Version: 1.2
Check: CRAN incoming feasibility
Result: NOTE
Maintainer: ‘Stephen Reid <sreid1652@gmail.com>’
No Authors@R field in DESCRIPTION.
Please add one, modifying
Authors@R: person(given = "Stephen",
family = "Reid",
role = c("aut", "cre"),
email = "sreid1652@gmail.com")
as necessary.
Flavors: r-devel-linux-x86_64-debian-clang, r-devel-linux-x86_64-debian-gcc
Version: 1.2
Check: Rd files
Result: NOTE
checkRd: (-1) prototest.univariate.Rd:21: Lost braces
21 | response variable. Vector of length emph{n}, assumed to be quantitative.
| ^
Flavors: r-devel-linux-x86_64-debian-clang, r-devel-linux-x86_64-debian-gcc, r-devel-linux-x86_64-fedora-clang, r-devel-linux-x86_64-fedora-gcc, r-devel-windows-x86_64, r-patched-linux-x86_64, r-release-linux-x86_64, r-release-macos-arm64, r-release-macos-x86_64, r-release-windows-x86_64, r-oldrel-macos-arm64, r-oldrel-macos-x86_64, r-oldrel-windows-x86_64
Version: 1.2
Check: compiled code
Result: NOTE
File ‘prototest/libs/prototest.so’:
Found no calls to: ‘R_registerRoutines’, ‘R_useDynamicSymbols’
It is good practice to register native routines and to disable symbol
search.
See ‘Writing portable packages’ in the ‘Writing R Extensions’ manual.
Flavors: r-devel-linux-x86_64-fedora-clang, r-devel-linux-x86_64-fedora-gcc