Last updated on 2025-07-22 12:49:42 CEST.
Flavor | Version | Tinstall | Tcheck | Ttotal | Status | Flags |
---|---|---|---|---|---|---|
r-devel-linux-x86_64-debian-clang | 0.0.4.0 | 13.27 | 124.35 | 137.62 | OK | |
r-devel-linux-x86_64-debian-gcc | 0.0.4.0 | 10.25 | 90.95 | 101.20 | OK | |
r-devel-linux-x86_64-fedora-clang | 0.0.4.0 | 217.44 | OK | |||
r-devel-linux-x86_64-fedora-gcc | 0.0.4.0 | 224.08 | OK | |||
r-devel-windows-x86_64 | 0.0.4.0 | 17.00 | 159.00 | 176.00 | OK | |
r-patched-linux-x86_64 | 0.0.4.0 | 14.21 | 118.88 | 133.09 | OK | |
r-release-linux-x86_64 | 0.0.4.0 | 13.00 | 118.12 | 131.12 | OK | |
r-release-macos-arm64 | 0.0.4.0 | 77.00 | OK | |||
r-release-macos-x86_64 | 0.0.4.0 | 148.00 | OK | |||
r-release-windows-x86_64 | 0.0.4.0 | 16.00 | 159.00 | 175.00 | OK | |
r-oldrel-macos-arm64 | 0.0.4.0 | 71.00 | NOTE | |||
r-oldrel-macos-x86_64 | 0.0.4.0 | 145.00 | NOTE | |||
r-oldrel-windows-x86_64 | 0.0.4.0 | 22.00 | 191.00 | 213.00 | NOTE |
Version: 0.0.4.0
Check: package dependencies
Result: NOTE
Package suggested but not available for checking: ‘cmdstanr’
Flavors: r-oldrel-macos-arm64, r-oldrel-macos-x86_64, r-oldrel-windows-x86_64
Version: 0.0.4.0
Check: installed package size
Result: NOTE
installed size is 5.4Mb
sub-directories of 1Mb or more:
doc 3.9Mb
Flavors: r-oldrel-macos-arm64, r-oldrel-macos-x86_64, r-oldrel-windows-x86_64