Last updated on 2025-05-06 12:49:46 CEST.
Flavor | Version | Tinstall | Tcheck | Ttotal | Status | Flags |
---|---|---|---|---|---|---|
r-devel-linux-x86_64-debian-clang | 0.3 | 2.59 | 27.28 | 29.87 | NOTE | |
r-devel-linux-x86_64-debian-gcc | 0.3 | 1.98 | 20.02 | 22.00 | NOTE | |
r-devel-linux-x86_64-fedora-clang | 0.3 | 47.07 | OK | |||
r-devel-linux-x86_64-fedora-gcc | 0.3 | 44.35 | OK | |||
r-devel-windows-x86_64 | 0.3 | 3.00 | 49.00 | 52.00 | OK | |
r-patched-linux-x86_64 | 0.3 | 2.81 | 26.10 | 28.91 | OK | |
r-release-linux-x86_64 | 0.3 | 2.60 | 26.04 | 28.64 | OK | |
r-release-macos-arm64 | 0.3 | 20.00 | OK | |||
r-release-macos-x86_64 | 0.3 | 29.00 | OK | |||
r-release-windows-x86_64 | 0.3 | 3.00 | 50.00 | 53.00 | OK | |
r-oldrel-macos-arm64 | 0.3 | 20.00 | OK | |||
r-oldrel-macos-x86_64 | 0.3 | 37.00 | OK | |||
r-oldrel-windows-x86_64 | 0.3 | 4.00 | 57.00 | 61.00 | OK |
Version: 0.3
Check: CRAN incoming feasibility
Result: NOTE
Maintainer: ‘Ken Knoblauch <ken.knoblauch@inserm.fr>’
No Authors@R field in DESCRIPTION.
Please add one, modifying
Authors@R: c(person(given = "Kenneth",
family = "Knoblauch",
role = "aut"),
person(given = "Ken",
family = "Knoblauch",
role = "cre",
email = "ken.knoblauch@inserm.fr"))
as necessary.
Flavors: r-devel-linux-x86_64-debian-clang, r-devel-linux-x86_64-debian-gcc