Last updated on 2025-05-03 21:51:28 CEST.
Flavor | Version | Tinstall | Tcheck | Ttotal | Status | Flags |
---|---|---|---|---|---|---|
r-devel-linux-x86_64-debian-clang | 0.1.2 | 290.44 | 131.98 | 422.42 | NOTE | |
r-devel-linux-x86_64-debian-gcc | 0.1.2 | 298.56 | 120.03 | 418.59 | NOTE | |
r-devel-linux-x86_64-fedora-clang | 0.1.2 | 679.62 | NOTE | |||
r-devel-linux-x86_64-fedora-gcc | 0.1.2 | 985.76 | NOTE | |||
r-devel-windows-x86_64 | 0.1.2 | 357.00 | 165.00 | 522.00 | NOTE | |
r-patched-linux-x86_64 | 0.1.2 | 379.92 | 158.79 | 538.71 | NOTE | |
r-release-linux-x86_64 | NOTE | |||||
r-release-macos-arm64 | 0.1.2 | 161.00 | NOTE | |||
r-release-macos-x86_64 | 0.1.2 | 343.00 | NOTE | |||
r-release-windows-x86_64 | 0.1.2 | 361.00 | 168.00 | 529.00 | NOTE | |
r-oldrel-macos-arm64 | 0.1.2 | 98.00 | NOTE | |||
r-oldrel-macos-x86_64 | 0.1.2 | 115.00 | NOTE | |||
r-oldrel-windows-x86_64 | 0.1.2 | 399.00 | 212.00 | 611.00 | NOTE |
Version: 0.1.2
Check: CRAN incoming feasibility
Result: NOTE
Maintainer: ‘Jonas Moss <jonas.gjertsen@gmail.com>’
The Description field contains
<arXiv:1911.12445>.
Please refer to arXiv e-prints via their arXiv DOI <doi:10.48550/arXiv.YYMM.NNNNN>.
Flavors: r-devel-linux-x86_64-debian-clang, r-devel-linux-x86_64-debian-gcc
Version: 0.1.2
Check: Rd files
Result: NOTE
checkRd: (-1) ma.Rd:62: Lost braces
62 | \item{yi}{Numeric vector of length code{k} with observed effect size
| ^
checkRd: (-1) ma.Rd:65: Lost braces
65 | \item{vi}{Numeric vector of length code{k} with sampling variances.}
| ^
Flavors: r-devel-linux-x86_64-debian-clang, r-devel-linux-x86_64-debian-gcc, r-devel-linux-x86_64-fedora-clang, r-devel-linux-x86_64-fedora-gcc, r-devel-windows-x86_64, r-patched-linux-x86_64, r-release-linux-x86_64, r-release-macos-arm64, r-release-macos-x86_64, r-release-windows-x86_64, r-oldrel-macos-arm64, r-oldrel-macos-x86_64, r-oldrel-windows-x86_64
Version: 0.1.2
Check: installed package size
Result: NOTE
installed size is 61.2Mb
sub-directories of 1Mb or more:
libs 60.7Mb
Flavors: r-oldrel-macos-arm64, r-oldrel-macos-x86_64
Version: 0.1.2
Check: for GNU extensions in Makefiles
Result: NOTE
GNU make is a SystemRequirements.
Flavors: r-oldrel-macos-arm64, r-oldrel-macos-x86_64