CRAN Package Check Results for Package pvda

Last updated on 2025-05-03 12:54:51 CEST.

Flavor Version Tinstall Tcheck Ttotal Status Flags
r-devel-linux-x86_64-debian-clang 0.0.4 5.75 63.27 69.02 NOTE
r-devel-linux-x86_64-debian-gcc 0.0.4 4.10 43.10 47.20 NOTE
r-devel-linux-x86_64-fedora-clang 0.0.4 108.49 NOTE
r-devel-linux-x86_64-fedora-gcc 0.0.4 112.04 NOTE
r-devel-windows-x86_64 0.0.4 7.00 79.00 86.00 NOTE
r-patched-linux-x86_64 0.0.4 5.60 55.98 61.58 NOTE
r-release-linux-x86_64 NOTE
r-release-macos-arm64 0.0.4 36.00 NOTE
r-release-macos-x86_64 0.0.4 64.00 NOTE
r-release-windows-x86_64 0.0.4 8.00 74.00 82.00 NOTE
r-oldrel-macos-arm64 0.0.4 44.00 OK
r-oldrel-macos-x86_64 0.0.4 103.00 OK
r-oldrel-windows-x86_64 0.0.4 10.00 89.00 99.00 OK

Check Details

Version: 0.0.4
Check: DESCRIPTION meta-information
Result: NOTE Missing dependency on R >= 4.1.0 because package code uses the pipe |> or function shorthand \(...) syntax added in R 4.1.0. File(s) using such syntax: ‘da.Rd’ ‘da_object_oriented_functions.R’ ‘higher_level_disprop_analysis.R’ ‘lower_level_disprop_analysis.R’ ‘print.da.Rd’ Flavors: r-devel-linux-x86_64-debian-clang, r-devel-linux-x86_64-debian-gcc, r-devel-linux-x86_64-fedora-clang, r-devel-linux-x86_64-fedora-gcc, r-devel-windows-x86_64, r-patched-linux-x86_64, r-release-linux-x86_64, r-release-macos-arm64, r-release-windows-x86_64

Version: 0.0.4
Check: DESCRIPTION meta-information
Result: NOTE Missing dependency on R >= 4.1.0 because package code uses the pipe |> or function shorthand \(...) syntax added in R 4.1.0. File(s) using such syntax: ‘da_object_oriented_functions.R’ ‘higher_level_disprop_analysis.R’ ‘lower_level_disprop_analysis.R’ Flavor: r-release-macos-x86_64