Last updated on 2024-06-17 06:50:28 CEST.
Flavor | Version | Tinstall | Tcheck | Ttotal | Status | Flags |
---|---|---|---|---|---|---|
r-devel-linux-x86_64-debian-clang | 7.1-1 | 8.61 | 25.86 | 34.47 | OK | |
r-devel-linux-x86_64-debian-gcc | 7.1-1 | 8.22 | 20.42 | 28.64 | OK | |
r-devel-linux-x86_64-fedora-clang | 7.1-1 | 44.19 | NOTE | |||
r-devel-linux-x86_64-fedora-gcc | 7.1-1 | 43.92 | OK | |||
r-devel-windows-x86_64 | 7.1-1 | 10.00 | 46.00 | 56.00 | NOTE | |
r-patched-linux-x86_64 | 7.1-1 | 10.06 | 24.77 | 34.83 | OK | |
r-release-linux-x86_64 | 7.1-1 | 10.13 | 25.12 | 35.25 | OK | |
r-release-macos-arm64 | 7.1-1 | 21.00 | NOTE | |||
r-release-macos-x86_64 | 7.1-1 | 28.00 | NOTE | |||
r-release-windows-x86_64 | 7.1-1 | 9.00 | 45.00 | 54.00 | NOTE | |
r-oldrel-macos-arm64 | 7.1-1 | 21.00 | NOTE | |||
r-oldrel-macos-x86_64 | 7.1-1 | 31.00 | NOTE | |||
r-oldrel-windows-x86_64 | 7.1-1 | 10.00 | 43.00 | 53.00 | NOTE |
Version: 7.1-1
Check: installed package size
Result: NOTE
installed size is 7.3Mb
sub-directories of 1Mb or more:
data 7.2Mb
Flavors: r-devel-linux-x86_64-fedora-clang, r-devel-windows-x86_64, r-release-macos-arm64, r-release-macos-x86_64, r-release-windows-x86_64, r-oldrel-macos-arm64, r-oldrel-macos-x86_64, r-oldrel-windows-x86_64