CRAN Package Check Results for Package qPCRhelper

Last updated on 2025-05-03 12:54:51 CEST.

Flavor Version Tinstall Tcheck Ttotal Status Flags
r-devel-linux-x86_64-debian-clang 0.1.0 3.96 39.59 43.55 NOTE
r-devel-linux-x86_64-debian-gcc 0.1.0 2.76 28.57 31.33 NOTE
r-devel-linux-x86_64-fedora-clang 0.1.0 68.30 OK
r-devel-linux-x86_64-fedora-gcc 0.1.0 78.61 OK
r-devel-windows-x86_64 0.1.0 7.00 64.00 71.00 OK
r-patched-linux-x86_64 0.1.0 3.93 36.87 40.80 OK
r-release-linux-x86_64 OK
r-release-macos-arm64 0.1.0 32.00 OK
r-release-macos-x86_64 0.1.0 54.00 OK
r-release-windows-x86_64 0.1.0 6.00 62.00 68.00 OK
r-oldrel-macos-arm64 0.1.0 32.00 OK
r-oldrel-macos-x86_64 0.1.0 46.00 OK
r-oldrel-windows-x86_64 0.1.0 7.00 78.00 85.00 OK

Check Details

Version: 0.1.0
Check: CRAN incoming feasibility
Result: NOTE Maintainer: ‘Wilson Jr. Aala <s98107020@gs.ncku.edu.tw>’ No Authors@R field in DESCRIPTION. Please add one, modifying Authors@R: person(given = c("Wilson", "Jr."), family = "Aala", role = c("aut", "cre"), email = "s98107020@gs.ncku.edu.tw") as necessary. Flavors: r-devel-linux-x86_64-debian-clang, r-devel-linux-x86_64-debian-gcc