CRAN Package Check Results for Package qbld

Last updated on 2025-05-03 21:51:28 CEST.

Flavor Version Tinstall Tcheck Ttotal Status Flags
r-devel-linux-x86_64-debian-clang 1.0.3 115.70 45.81 161.51 NOTE
r-devel-linux-x86_64-debian-gcc 1.0.3 84.15 34.11 118.26 NOTE
r-devel-linux-x86_64-fedora-clang 1.0.3 332.83 NOTE
r-devel-linux-x86_64-fedora-gcc 1.0.3 342.20 NOTE
r-devel-windows-x86_64 1.0.3 137.00 93.00 230.00 NOTE
r-patched-linux-x86_64 1.0.3 110.07 43.70 153.77 NOTE
r-release-linux-x86_64 NOTE
r-release-macos-arm64 1.0.3 71.00 NOTE
r-release-macos-x86_64 1.0.3 105.00 NOTE
r-release-windows-x86_64 1.0.3 139.00 94.00 233.00 NOTE
r-oldrel-macos-arm64 1.0.3 79.00 NOTE
r-oldrel-macos-x86_64 1.0.3 108.00 NOTE
r-oldrel-windows-x86_64 1.0.3 157.00 111.00 268.00 NOTE

Check Details

Version: 1.0.3
Check: CRAN incoming feasibility
Result: NOTE Maintainer: ‘Ayush Agarwal<ayush.agarwal50@gmail.com>’ No Authors@R field in DESCRIPTION. Please add one, modifying Authors@R: c(person(given = "Ayush", family = "Agarwal", role = c("aut", "cre"), email = "ayush.agarwal50@gmail.com"), person(given = "Dootika", family = "Vats", role = "ctb")) as necessary. Package CITATION file contains call(s) to old-style citEntry(). Please use bibentry() instead. Flavors: r-devel-linux-x86_64-debian-clang, r-devel-linux-x86_64-debian-gcc

Version: 1.0.3
Check: Rd files
Result: NOTE checkRd: (-1) aldmix.Rd:34: Lost braces in \itemize; \value handles \item{}{} directly checkRd: (-1) aldmix.Rd:35: Lost braces in \itemize; \value handles \item{}{} directly checkRd: (-1) aldmix.Rd:36: Lost braces in \itemize; \value handles \item{}{} directly checkRd: (-1) aldmix.Rd:37: Lost braces in \itemize; \value handles \item{}{} directly checkRd: (-1) gig.Rd:28: Lost braces in \itemize; \value handles \item{}{} directly checkRd: (-1) gig.Rd:29: Lost braces in \itemize; \value handles \item{}{} directly checkRd: (-1) model.qbld.Rd:46: Lost braces in \itemize; \value handles \item{}{} directly checkRd: (-1) model.qbld.Rd:47: Lost braces in \itemize; \value handles \item{}{} directly checkRd: (-1) model.qbld.Rd:48: Lost braces in \itemize; \value handles \item{}{} directly checkRd: (-1) model.qbld.Rd:49: Lost braces in \itemize; \value handles \item{}{} directly checkRd: (-1) model.qbld.Rd:50: Lost braces in \itemize; \value handles \item{}{} directly checkRd: (-1) model.qbld.Rd:51: Lost braces in \itemize; \value handles \item{}{} directly checkRd: (-1) qbld-package.Rd:24: Lost braces; missing escapes or markup? 24 | \item \code{\link{model.qbld}} {: Runs the QBLD sampler as in Rahman and Vossmeyer(2019) and outputs a `qbld' class object.} | ^ checkRd: (-1) qbld-package.Rd:25: Lost braces; missing escapes or markup? 25 | \item \code{\link{summary.qbld}} {: S3 method that summarizes the outputs of the model.qbld function.} | ^ checkRd: (-1) qbld-package.Rd:26: Lost braces; missing escapes or markup? 26 | \item \code{\link{plot.qbld}} {: S3 method that plots `qbld' class object. } | ^ checkRd: (-1) qbld-package.Rd:27: Lost braces; missing escapes or markup? 27 | \item \code{\link{aldmix}} {: Cumulative density, probability distribution function, quantile function and random generation for the asymmetric Laplace distribution.} | ^ checkRd: (-1) qbld-package.Rd:28: Lost braces; missing escapes or markup? 28 | \item \code{\link{gig}} {: Probability distribution function, random generation for the generalised inverse Gaussian.} | ^ checkRd: (-1) qbld-package.Rd:29: Lost braces; missing escapes or markup? 29 | \item \code{\link{airpollution}}, \code{\link{locust}} {: In-built datasets} | ^ checkRd: (-1) summary.qbld.Rd:27: Lost braces in \itemize; \value handles \item{}{} directly checkRd: (-1) summary.qbld.Rd:28: Lost braces in \itemize; \value handles \item{}{} directly checkRd: (-1) summary.qbld.Rd:29: Lost braces in \itemize; \value handles \item{}{} directly checkRd: (-1) summary.qbld.Rd:30: Lost braces in \itemize; \value handles \item{}{} directly checkRd: (-1) summary.qbld.Rd:31: Lost braces in \itemize; \value handles \item{}{} directly checkRd: (-1) summary.qbld.Rd:32: Lost braces in \itemize; \value handles \item{}{} directly checkRd: (-1) summary.qbld.Rd:33: Lost braces in \itemize; \value handles \item{}{} directly checkRd: (-1) summary.qbld.Rd:34: Lost braces in \itemize; \value handles \item{}{} directly Flavors: r-devel-linux-x86_64-debian-clang, r-devel-linux-x86_64-debian-gcc, r-devel-linux-x86_64-fedora-clang, r-devel-linux-x86_64-fedora-gcc, r-devel-windows-x86_64, r-patched-linux-x86_64, r-release-linux-x86_64, r-release-macos-arm64, r-release-macos-x86_64, r-release-windows-x86_64, r-oldrel-macos-arm64, r-oldrel-macos-x86_64, r-oldrel-windows-x86_64

Version: 1.0.3
Check: installed package size
Result: NOTE installed size is 6.1Mb sub-directories of 1Mb or more: libs 5.7Mb Flavors: r-oldrel-macos-arm64, r-oldrel-macos-x86_64