CRAN Package Check Results for Package qqboxplot

Last updated on 2025-07-21 21:51:12 CEST.

Flavor Version Tinstall Tcheck Ttotal Status Flags
r-devel-linux-x86_64-debian-clang 0.3.0 4.22 105.05 109.27 NOTE
r-devel-linux-x86_64-debian-gcc 0.3.0 3.22 71.91 75.13 NOTE
r-devel-linux-x86_64-fedora-clang 0.3.0 175.49 OK
r-devel-linux-x86_64-fedora-gcc 0.3.0 178.53 OK
r-devel-windows-x86_64 0.3.0 7.00 125.00 132.00 NOTE
r-patched-linux-x86_64 0.3.0 4.53 99.38 103.91 NOTE
r-release-linux-x86_64 0.3.0 4.65 98.90 103.55 NOTE
r-release-macos-arm64 0.3.0 53.00 OK
r-release-macos-x86_64 0.3.0 99.00 OK
r-release-windows-x86_64 0.3.0 7.00 127.00 134.00 NOTE
r-oldrel-macos-arm64 0.3.0 50.00 OK
r-oldrel-macos-x86_64 0.3.0 81.00 OK
r-oldrel-windows-x86_64 0.3.0 8.00 150.00 158.00 OK

Check Details

Version: 0.3.0
Check: Rd cross-references
Result: NOTE Found the following Rd file(s) with Rd \link{} targets missing package anchors: geom_qqboxplot.Rd: geom_boxplot Please provide package anchors for all Rd \link{} targets not in the package itself and the base packages. Flavors: r-devel-linux-x86_64-debian-clang, r-devel-linux-x86_64-debian-gcc, r-devel-windows-x86_64, r-patched-linux-x86_64, r-release-linux-x86_64, r-release-windows-x86_64