Last updated on 2025-05-03 21:51:28 CEST.
Flavor | Version | Tinstall | Tcheck | Ttotal | Status | Flags |
---|---|---|---|---|---|---|
r-devel-linux-x86_64-debian-clang | 0.0-17 | 12.56 | 182.14 | 194.70 | NOTE | |
r-devel-linux-x86_64-debian-gcc | 0.0-17 | 8.22 | 135.47 | 143.69 | NOTE | |
r-devel-linux-x86_64-fedora-clang | 0.0-17 | 302.63 | OK | |||
r-devel-linux-x86_64-fedora-gcc | 0.0-17 | 313.73 | OK | |||
r-devel-windows-x86_64 | 0.0-17 | 16.00 | 192.00 | 208.00 | NOTE | |
r-patched-linux-x86_64 | 0.0-17 | 14.38 | 179.33 | 193.71 | NOTE | |
r-release-linux-x86_64 | NOTE | |||||
r-release-macos-arm64 | 0.0-17 | 96.00 | OK | |||
r-release-macos-x86_64 | 0.0-17 | 234.00 | OK | |||
r-release-windows-x86_64 | 0.0-17 | 17.00 | 190.00 | 207.00 | NOTE | |
r-oldrel-macos-arm64 | 0.0-17 | 87.00 | OK | |||
r-oldrel-macos-x86_64 | 0.0-17 | 138.00 | OK | |||
r-oldrel-windows-x86_64 | 0.0-17 | 20.00 | 248.00 | 268.00 | OK |
Version: 0.0-17
Check: Rd cross-references
Result: NOTE
Found the following Rd file(s) with Rd \link{} targets missing package
anchors:
fit_ARMA_GARCH.Rd: ugarchfit
get_data.Rd: getSymbols, Quandl, Ad, Cl, Op, Hi, Lo, Vo, OpCl, ClCl,
HiCl, LoCl, LoHi, OpHi, OpLo, OpOp
matrix_plot.Rd: levelplot
returns.Rd: xts
tests.Rd: ad.test
Please provide package anchors for all Rd \link{} targets not in the
package itself and the base packages.
Flavors: r-devel-linux-x86_64-debian-clang, r-devel-linux-x86_64-debian-gcc, r-devel-windows-x86_64, r-patched-linux-x86_64, r-release-linux-x86_64, r-release-windows-x86_64