Last updated on 2025-05-03 12:54:51 CEST.
Flavor | Version | Tinstall | Tcheck | Ttotal | Status | Flags |
---|---|---|---|---|---|---|
r-devel-linux-x86_64-debian-clang | 0.95 | 18.91 | 130.96 | 149.87 | NOTE | |
r-devel-linux-x86_64-debian-gcc | 0.95 | 14.15 | 92.07 | 106.22 | NOTE | |
r-devel-linux-x86_64-fedora-clang | 0.95 | 258.34 | NOTE | |||
r-devel-linux-x86_64-fedora-gcc | 0.95 | 223.47 | NOTE | |||
r-devel-windows-x86_64 | 0.95 | 22.00 | 144.00 | 166.00 | NOTE | |
r-patched-linux-x86_64 | 0.95 | 17.25 | 120.76 | 138.01 | NOTE | |
r-release-linux-x86_64 | NOTE | |||||
r-release-macos-arm64 | 0.95 | 63.00 | NOTE | |||
r-release-macos-x86_64 | 0.95 | 126.00 | NOTE | |||
r-release-windows-x86_64 | 0.95 | 22.00 | 144.00 | 166.00 | NOTE | |
r-oldrel-macos-arm64 | 0.95 | 64.00 | OK | |||
r-oldrel-macos-x86_64 | 0.95 | 130.00 | OK | |||
r-oldrel-windows-x86_64 | 0.95 | 28.00 | 189.00 | 217.00 | OK |
Version: 0.95
Check: DESCRIPTION meta-information
Result: NOTE
Missing dependency on R >= 4.1.0 because package code uses the pipe
|> or function shorthand \(...) syntax added in R 4.1.0.
File(s) using such syntax:
‘textplot_network.Rd’ ‘textplot_wordcloud.Rd’ ‘textplot_xray.Rd’
Flavors: r-devel-linux-x86_64-debian-clang, r-devel-linux-x86_64-debian-gcc, r-devel-linux-x86_64-fedora-clang, r-devel-linux-x86_64-fedora-gcc, r-devel-windows-x86_64, r-patched-linux-x86_64, r-release-linux-x86_64, r-release-macos-arm64, r-release-windows-x86_64
Version: 0.95
Check: Rd cross-references
Result: NOTE
Unknown package ‘quanteda.textmodels’ in Rd xrefs
Flavor: r-release-macos-x86_64