Last updated on 2025-05-06 12:49:47 CEST.
Flavor | Version | Tinstall | Tcheck | Ttotal | Status | Flags |
---|---|---|---|---|---|---|
r-devel-linux-x86_64-debian-clang | 1.0 | 11.14 | 81.52 | 92.66 | NOTE | |
r-devel-linux-x86_64-debian-gcc | 1.0 | 7.76 | 60.38 | 68.14 | NOTE | |
r-devel-linux-x86_64-fedora-clang | 1.0 | 145.05 | OK | |||
r-devel-linux-x86_64-fedora-gcc | 1.0 | 138.35 | OK | |||
r-devel-windows-x86_64 | 1.0 | 11.00 | 90.00 | 101.00 | OK | |
r-patched-linux-x86_64 | 1.0 | 10.63 | 78.59 | 89.22 | OK | |
r-release-linux-x86_64 | 1.0 | 10.78 | 77.72 | 88.50 | OK | |
r-release-macos-arm64 | 1.0 | 47.00 | OK | |||
r-release-macos-x86_64 | 1.0 | 76.00 | OK | |||
r-release-windows-x86_64 | 1.0 | 12.00 | 93.00 | 105.00 | OK | |
r-oldrel-macos-arm64 | 1.0 | 38.00 | OK | |||
r-oldrel-macos-x86_64 | 1.0 | 55.00 | OK | |||
r-oldrel-windows-x86_64 | 1.0 | 15.00 | 112.00 | 127.00 | OK |
Version: 1.0
Check: CRAN incoming feasibility
Result: NOTE
Maintainer: ‘Ivan Fernandez-Val <ivanf@bu.edu>’
No Authors@R field in DESCRIPTION.
Please add one, modifying
Authors@R: c(person(given = "Michael",
family = "Lipsitz",
role = "aut"),
person(given = "Alexandre",
family = "Belloni",
role = "aut"),
person(given = "Victor",
family = "Chernozhukov",
role = "aut"),
person(given = "Ivan",
family = "Fernandez-Val",
role = c("aut", "cre"),
email = "ivanf@bu.edu"))
as necessary.
Flavors: r-devel-linux-x86_64-debian-clang, r-devel-linux-x86_64-debian-gcc