Last updated on 2025-07-25 21:49:51 CEST.
Flavor | Version | Tinstall | Tcheck | Ttotal | Status | Flags |
---|---|---|---|---|---|---|
r-devel-linux-x86_64-debian-clang | 1.0.0 | 6.40 | 23.74 | 30.14 | NOTE | |
r-devel-linux-x86_64-debian-gcc | 1.0.0 | 4.74 | 19.02 | 23.76 | NOTE | |
r-devel-linux-x86_64-fedora-clang | 1.0.0 | 47.19 | NOTE | |||
r-devel-linux-x86_64-fedora-gcc | 1.0.0 | 44.54 | NOTE | |||
r-devel-windows-x86_64 | 1.0.0 | 8.00 | 59.00 | 67.00 | NOTE | |
r-patched-linux-x86_64 | 1.0.0 | 6.20 | 22.21 | 28.41 | NOTE | |
r-release-linux-x86_64 | 1.0.0 | 5.52 | 22.57 | 28.09 | NOTE | |
r-release-macos-arm64 | 1.0.0 | 23.00 | NOTE | |||
r-release-macos-x86_64 | 1.0.0 | 30.00 | NOTE | |||
r-release-windows-x86_64 | 1.0.0 | 7.00 | 58.00 | 65.00 | NOTE | |
r-oldrel-macos-arm64 | 1.0.0 | 22.00 | NOTE | |||
r-oldrel-macos-x86_64 | 1.0.0 | 28.00 | NOTE | |||
r-oldrel-windows-x86_64 | 1.0.0 | 6.00 | 51.00 | 57.00 | NOTE |
Version: 1.0.0
Check: Rd files
Result: NOTE
checkRd: (-1) quarries.Rd:17-19: Lost braces in \itemize; meant \describe ?
checkRd: (-1) quarries.Rd:20-22: Lost braces in \itemize; meant \describe ?
checkRd: (-1) quarries.Rd:23-25: Lost braces in \itemize; meant \describe ?
checkRd: (-1) quarries.Rd:26-28: Lost braces in \itemize; meant \describe ?
Flavors: r-devel-linux-x86_64-debian-clang, r-devel-linux-x86_64-debian-gcc, r-devel-linux-x86_64-fedora-clang, r-devel-linux-x86_64-fedora-gcc, r-devel-windows-x86_64, r-patched-linux-x86_64, r-release-linux-x86_64, r-release-macos-arm64, r-release-macos-x86_64, r-release-windows-x86_64, r-oldrel-macos-arm64, r-oldrel-macos-x86_64, r-oldrel-windows-x86_64