CRAN Package Check Results for Package r4ss

Last updated on 2025-05-03 21:51:28 CEST.

Flavor Version Tinstall Tcheck Ttotal Status Flags
r-devel-linux-x86_64-debian-clang 1.44.0 49.00 202.44 251.44 NOTE
r-devel-linux-x86_64-debian-gcc 1.44.0 31.50 121.49 152.99 NOTE
r-devel-linux-x86_64-fedora-clang 1.44.0 406.43 NOTE
r-devel-linux-x86_64-fedora-gcc 1.44.0 380.68 NOTE
r-devel-windows-x86_64 1.44.0 49.00 186.00 235.00 NOTE
r-patched-linux-x86_64 1.44.0 50.91 185.47 236.38 NOTE
r-release-linux-x86_64 NOTE
r-release-macos-arm64 1.44.0 84.00 NOTE
r-release-macos-x86_64 1.44.0 219.00 NOTE
r-release-windows-x86_64 1.44.0 53.00 183.00 236.00 NOTE
r-oldrel-macos-arm64 1.44.0 81.00 NOTE
r-oldrel-macos-x86_64 1.44.0 188.00 NOTE
r-oldrel-windows-x86_64 1.44.0 65.00 241.00 306.00 NOTE

Check Details

Version: 1.44.0
Check: CRAN incoming feasibility
Result: NOTE Maintainer: ‘Ian G. Taylor <Ian.Taylor@noaa.gov>’ Package CITATION file contains call(s) to old-style citEntry(). Please use bibentry() instead. Flavors: r-devel-linux-x86_64-debian-clang, r-devel-linux-x86_64-debian-gcc

Version: 1.44.0
Check: Rd files
Result: NOTE checkRd: (-1) r4ss-package.Rd:9: Lost braces; missing escapes or markup? 9 | A collection of R functions for use with Stock Synthesis, a fisheries stock assessment modeling platform written in ADMB by Dr. Richard D. Methot at the NOAA Northwest Fisheries Science Center. The functions include tools for summarizing and plotting results, manipulating files, visualizing model parameterizations, and various other common stock assessment tasks. This version of '{r4ss}' is compatible with Stock Synthesis versions 3.24 through 3.30 (specifically version 3.30.19.01, from April 2022). | ^ Flavors: r-devel-linux-x86_64-debian-clang, r-devel-linux-x86_64-debian-gcc, r-devel-linux-x86_64-fedora-clang, r-devel-linux-x86_64-fedora-gcc, r-devel-windows-x86_64, r-patched-linux-x86_64, r-release-linux-x86_64, r-release-macos-arm64, r-release-macos-x86_64, r-release-windows-x86_64, r-oldrel-macos-arm64, r-oldrel-macos-x86_64, r-oldrel-windows-x86_64