Last updated on 2025-07-22 06:49:33 CEST.
Flavor | Version | Tinstall | Tcheck | Ttotal | Status | Flags |
---|---|---|---|---|---|---|
r-devel-linux-x86_64-debian-clang | 0.1.0 | 5.14 | 46.04 | 51.18 | NOTE | |
r-devel-linux-x86_64-debian-gcc | 0.1.0 | 3.59 | 35.19 | 38.78 | NOTE | |
r-devel-linux-x86_64-fedora-clang | 0.1.0 | 79.05 | NOTE | |||
r-devel-linux-x86_64-fedora-gcc | 0.1.0 | 71.86 | NOTE | |||
r-devel-windows-x86_64 | 0.1.0 | 8.00 | 60.00 | 68.00 | NOTE | |
r-patched-linux-x86_64 | 0.1.0 | 4.86 | 41.40 | 46.26 | NOTE | |
r-release-linux-x86_64 | 0.1.0 | 5.21 | 41.62 | 46.83 | NOTE | |
r-release-macos-arm64 | 0.1.0 | 27.00 | NOTE | |||
r-release-macos-x86_64 | 0.1.0 | 48.00 | NOTE | |||
r-release-windows-x86_64 | 0.1.0 | 8.00 | 62.00 | 70.00 | NOTE | |
r-oldrel-macos-arm64 | 0.1.0 | 27.00 | NOTE | |||
r-oldrel-macos-x86_64 | 0.1.0 | 39.00 | NOTE | |||
r-oldrel-windows-x86_64 | 0.1.0 | 9.00 | 69.00 | 78.00 | NOTE |
Version: 0.1.0
Check: Rd files
Result: NOTE
checkRd: (-1) extract_class.Rd:18: Lost braces in \itemize; \value handles \item{}{} directly
checkRd: (-1) extract_class.Rd:19: Lost braces in \itemize; \value handles \item{}{} directly
checkRd: (-1) extract_class.Rd:20: Lost braces in \itemize; \value handles \item{}{} directly
Flavors: r-devel-linux-x86_64-debian-clang, r-devel-linux-x86_64-debian-gcc, r-devel-linux-x86_64-fedora-clang, r-devel-linux-x86_64-fedora-gcc, r-devel-windows-x86_64, r-patched-linux-x86_64, r-release-linux-x86_64, r-release-macos-arm64, r-release-macos-x86_64, r-release-windows-x86_64, r-oldrel-macos-arm64, r-oldrel-macos-x86_64, r-oldrel-windows-x86_64
Version: 0.1.0
Check: LazyData
Result: NOTE
'LazyData' is specified without a 'data' directory
Flavors: r-oldrel-macos-arm64, r-oldrel-macos-x86_64, r-oldrel-windows-x86_64