CRAN Package Check Results for Package rAmCharts4

Last updated on 2025-07-25 06:49:42 CEST.

Flavor Version Tinstall Tcheck Ttotal Status Flags
r-devel-linux-x86_64-debian-clang 1.6.0 9.72 65.82 75.54 OK
r-devel-linux-x86_64-debian-gcc 1.6.0 6.35 46.48 52.83 OK
r-devel-linux-x86_64-fedora-clang 1.6.0 118.08 OK
r-devel-linux-x86_64-fedora-gcc 1.6.0 110.42 OK
r-devel-windows-x86_64 1.6.0 13.00 97.00 110.00 OK
r-patched-linux-x86_64 1.6.0 10.35 62.91 73.26 OK
r-release-linux-x86_64 1.6.0 7.66 62.49 70.15 OK
r-release-macos-arm64 1.6.0 35.00 OK
r-release-macos-x86_64 1.6.0 66.00 OK
r-release-windows-x86_64 1.6.0 14.00 90.00 104.00 OK
r-oldrel-macos-arm64 1.6.0 35.00 NOTE
r-oldrel-macos-x86_64 1.6.0 55.00 NOTE
r-oldrel-windows-x86_64 1.6.0 17.00 109.00 126.00 NOTE

Check Details

Version: 1.6.0
Check: installed package size
Result: NOTE installed size is 11.4Mb sub-directories of 1Mb or more: htmlwidgets 10.0Mb super-tiny-icons 1.0Mb Flavors: r-oldrel-macos-arm64, r-oldrel-macos-x86_64, r-oldrel-windows-x86_64