Last updated on 2025-07-22 12:49:43 CEST.
Flavor | Version | Tinstall | Tcheck | Ttotal | Status | Flags |
---|---|---|---|---|---|---|
r-devel-linux-x86_64-debian-clang | 1.1.1 | 22.29 | 141.72 | 164.01 | OK | |
r-devel-linux-x86_64-debian-gcc | 1.1.1 | 16.32 | 100.33 | 116.65 | OK | |
r-devel-linux-x86_64-fedora-clang | 1.1.1 | 265.03 | OK | |||
r-devel-linux-x86_64-fedora-gcc | 1.1.1 | 252.25 | OK | |||
r-devel-windows-x86_64 | 1.1.1 | 22.00 | 134.00 | 156.00 | OK | |
r-patched-linux-x86_64 | 1.1.1 | 23.94 | 134.88 | 158.82 | OK | |
r-release-linux-x86_64 | 1.1.1 | 20.35 | 134.91 | 155.26 | OK | |
r-release-macos-arm64 | 1.1.1 | 61.00 | OK | |||
r-release-macos-x86_64 | 1.1.1 | 140.00 | OK | |||
r-release-windows-x86_64 | 1.1.1 | 26.00 | 132.00 | 158.00 | OK | |
r-oldrel-macos-arm64 | 1.1.1 | 69.00 | NOTE | |||
r-oldrel-macos-x86_64 | 1.1.1 | 137.00 | NOTE | |||
r-oldrel-windows-x86_64 | 1.1.1 | 35.00 | 177.00 | 212.00 | NOTE |
Version: 1.1.1
Check: installed package size
Result: NOTE
installed size is 7.4Mb
sub-directories of 1Mb or more:
R 1.4Mb
data 4.8Mb
help 1.1Mb
Flavors: r-oldrel-macos-arm64, r-oldrel-macos-x86_64, r-oldrel-windows-x86_64