CRAN Package Check Results for Package rFSA

Last updated on 2025-07-24 06:49:37 CEST.

Flavor Version Tinstall Tcheck Ttotal Status Flags
r-devel-linux-x86_64-debian-clang 0.9.6 6.01 54.38 60.39 OK
r-devel-linux-x86_64-debian-gcc 0.9.6 4.36 39.60 43.96 OK
r-devel-linux-x86_64-fedora-clang 0.9.6 95.27 OK
r-devel-linux-x86_64-fedora-gcc 0.9.6 88.15 OK
r-devel-windows-x86_64 0.9.6 7.00 69.00 76.00 OK
r-patched-linux-x86_64 0.9.6 6.21 50.46 56.67 OK
r-release-linux-x86_64 0.9.6 6.10 50.22 56.32 OK
r-release-macos-arm64 0.9.6 29.00 OK
r-release-macos-x86_64 0.9.6 55.00 OK
r-release-windows-x86_64 0.9.6 8.00 71.00 79.00 OK
r-oldrel-macos-arm64 0.9.6 27.00 NOTE
r-oldrel-macos-x86_64 0.9.6 43.00 NOTE
r-oldrel-windows-x86_64 0.9.6 10.00 87.00 97.00 NOTE

Check Details

Version: 0.9.6
Check: LazyData
Result: NOTE 'LazyData' is specified without a 'data' directory Flavors: r-oldrel-macos-arm64, r-oldrel-macos-x86_64, r-oldrel-windows-x86_64