Last updated on 2025-05-03 12:54:53 CEST.
Flavor | Version | Tinstall | Tcheck | Ttotal | Status | Flags |
---|---|---|---|---|---|---|
r-devel-linux-x86_64-debian-clang | 0.99.6 | 4.90 | 103.59 | 108.49 | OK | |
r-devel-linux-x86_64-debian-gcc | 0.99.6 | 3.32 | 72.16 | 75.48 | OK | |
r-devel-linux-x86_64-fedora-clang | 0.99.6 | 175.39 | NOTE | |||
r-devel-linux-x86_64-fedora-gcc | 0.99.6 | 178.47 | NOTE | |||
r-devel-windows-x86_64 | 0.99.6 | 7.00 | 121.00 | 128.00 | OK | |
r-patched-linux-x86_64 | 0.99.6 | 5.46 | 97.64 | 103.10 | OK | |
r-release-linux-x86_64 | OK | |||||
r-release-macos-arm64 | 0.99.6 | 58.00 | OK | |||
r-release-macos-x86_64 | 0.99.6 | 113.00 | OK | |||
r-release-windows-x86_64 | 0.99.6 | 9.00 | 119.00 | 128.00 | OK | |
r-oldrel-macos-arm64 | 0.99.6 | 57.00 | NOTE | |||
r-oldrel-macos-x86_64 | 0.99.6 | 89.00 | NOTE | |||
r-oldrel-windows-x86_64 | 0.99.6 | 8.00 | 148.00 | 156.00 | NOTE |
Version: 0.99.6
Check: dependencies in R code
Result: NOTE
Namespace in Imports field not imported from: ‘data.table’
All declared Imports should be used.
Flavors: r-devel-linux-x86_64-fedora-clang, r-devel-linux-x86_64-fedora-gcc
Version: 0.99.6
Check: LazyData
Result: NOTE
'LazyData' is specified without a 'data' directory
Flavors: r-oldrel-macos-arm64, r-oldrel-macos-x86_64, r-oldrel-windows-x86_64