Last updated on 2025-05-03 21:51:31 CEST.
Flavor | Version | Tinstall | Tcheck | Ttotal | Status | Flags |
---|---|---|---|---|---|---|
r-devel-linux-x86_64-debian-clang | 0.1.1 | 5.70 | 58.01 | 63.71 | OK | |
r-devel-linux-x86_64-debian-gcc | 0.1.1 | 3.91 | 43.61 | 47.52 | OK | |
r-devel-linux-x86_64-fedora-clang | 0.1.1 | 103.98 | NOTE | |||
r-devel-linux-x86_64-fedora-gcc | 0.1.1 | 107.68 | NOTE | |||
r-devel-windows-x86_64 | 0.1.1 | 9.00 | 79.00 | 88.00 | OK | |
r-patched-linux-x86_64 | 0.1.1 | 4.03 | 52.78 | 56.81 | OK | |
r-release-linux-x86_64 | OK | |||||
r-release-macos-arm64 | 0.1.1 | 46.00 | OK | |||
r-release-macos-x86_64 | 0.1.1 | 104.00 | OK | |||
r-release-windows-x86_64 | 0.1.1 | 11.00 | 79.00 | 90.00 | OK | |
r-oldrel-macos-arm64 | 0.1.1 | 42.00 | OK | |||
r-oldrel-macos-x86_64 | 0.1.1 | 68.00 | OK | |||
r-oldrel-windows-x86_64 | 0.1.1 | 13.00 | 96.00 | 109.00 | OK |
Version: 0.1.1
Check: dependencies in R code
Result: NOTE
Namespace in Imports field not imported from: ‘readr’
All declared Imports should be used.
Flavors: r-devel-linux-x86_64-fedora-clang, r-devel-linux-x86_64-fedora-gcc