CRAN Package Check Results for Package radsafer

Last updated on 2025-07-24 06:49:36 CEST.

Flavor Version Tinstall Tcheck Ttotal Status Flags
r-devel-linux-x86_64-debian-clang 2.3.0 3.71 50.29 54.00 NOTE
r-devel-linux-x86_64-debian-gcc 2.3.0 2.82 37.59 40.41 NOTE
r-devel-linux-x86_64-fedora-clang 2.3.0 84.03 OK
r-devel-linux-x86_64-fedora-gcc 2.3.0 93.12 OK
r-devel-windows-x86_64 2.3.0 6.00 74.00 80.00 OK
r-patched-linux-x86_64 2.3.0 5.33 46.38 51.71 OK
r-release-linux-x86_64 2.3.0 4.25 46.73 50.98 OK
r-release-macos-arm64 2.3.0 36.00 OK
r-release-macos-x86_64 2.3.0 59.00 OK
r-release-windows-x86_64 2.3.0 6.00 75.00 81.00 OK
r-oldrel-macos-arm64 2.3.0 33.00 OK
r-oldrel-macos-x86_64 2.3.0 50.00 OK
r-oldrel-windows-x86_64 2.3.0 8.00 85.00 93.00 OK

Check Details

Version: 2.3.0
Check: CRAN incoming feasibility
Result: NOTE Maintainer: ‘Mark Hogue <mark.hogue.chp@gmail.com>’ No Authors@R field in DESCRIPTION. Please add one, modifying Authors@R: person(given = "Mark", family = "Hogue", role = c("aut", "cre"), email = "mark.hogue.chp@gmail.com") as necessary. Flavors: r-devel-linux-x86_64-debian-clang, r-devel-linux-x86_64-debian-gcc