Last updated on 2025-07-22 12:49:42 CEST.
Flavor | Version | Tinstall | Tcheck | Ttotal | Status | Flags |
---|---|---|---|---|---|---|
r-devel-linux-x86_64-debian-clang | 1.0.3 | 8.18 | 70.35 | 78.53 | OK | |
r-devel-linux-x86_64-debian-gcc | 1.0.3 | 6.86 | 53.00 | 59.86 | OK | |
r-devel-linux-x86_64-fedora-clang | 1.0.3 | 124.21 | OK | |||
r-devel-linux-x86_64-fedora-gcc | 1.0.3 | 116.76 | OK | |||
r-devel-windows-x86_64 | 1.0.3 | 11.00 | 79.00 | 90.00 | OK | |
r-patched-linux-x86_64 | 1.0.3 | 8.49 | 66.43 | 74.92 | OK | |
r-release-linux-x86_64 | 1.0.3 | 8.25 | 67.73 | 75.98 | OK | |
r-release-macos-arm64 | 1.0.3 | 33.00 | OK | |||
r-release-macos-x86_64 | 1.0.3 | 78.00 | OK | |||
r-release-windows-x86_64 | 1.0.3 | 11.00 | 79.00 | 90.00 | OK | |
r-oldrel-macos-arm64 | 1.0.3 | 38.00 | NOTE | |||
r-oldrel-macos-x86_64 | 1.0.3 | 89.00 | NOTE | |||
r-oldrel-windows-x86_64 | 1.0.3 | 13.00 | 99.00 | 112.00 | NOTE |
Version: 1.0.3
Check: LazyData
Result: NOTE
'LazyData' is specified without a 'data' directory
Flavors: r-oldrel-macos-arm64, r-oldrel-macos-x86_64, r-oldrel-windows-x86_64