Last updated on 2025-05-03 21:51:29 CEST.
Flavor | Version | Tinstall | Tcheck | Ttotal | Status | Flags |
---|---|---|---|---|---|---|
r-devel-linux-x86_64-debian-clang | 0.2.0 | 1.99 | 29.94 | 31.93 | NOTE | |
r-devel-linux-x86_64-debian-gcc | 0.2.0 | 1.64 | 24.52 | 26.16 | NOTE | |
r-devel-linux-x86_64-fedora-clang | 0.2.0 | 52.97 | OK | |||
r-devel-linux-x86_64-fedora-gcc | 0.2.0 | 65.10 | OK | |||
r-devel-windows-x86_64 | 0.2.0 | 4.00 | 52.00 | 56.00 | OK | |
r-patched-linux-x86_64 | 0.2.0 | 2.25 | 27.38 | 29.63 | OK | |
r-release-linux-x86_64 | OK | |||||
r-release-macos-arm64 | 0.2.0 | 28.00 | OK | |||
r-release-macos-x86_64 | 0.2.0 | 49.00 | OK | |||
r-release-windows-x86_64 | 0.2.0 | 4.00 | 52.00 | 56.00 | OK | |
r-oldrel-macos-arm64 | 0.2.0 | 28.00 | NOTE | |||
r-oldrel-macos-x86_64 | 0.2.0 | 43.00 | NOTE | |||
r-oldrel-windows-x86_64 | 0.2.0 | 5.00 | 58.00 | 63.00 | NOTE |
Version: 0.2.0
Check: CRAN incoming feasibility
Result: NOTE
Maintainer: ‘Kshitiz Gupta <kshtzgupta1@berkeley.edu>’
Package CITATION file contains call(s) to old-style citEntry(). Please
use bibentry() instead.
Found the following (possibly) invalid file URIs:
URI: www.ramlegacy.org
From: man/ramlegacy-package.Rd
URI: www.github.com/ropensci/ramlegacy
From: man/ramlegacy-package.Rd
URI: www.github.com/ropensci/ramlegacy/issues
From: man/ramlegacy-package.Rd
URI: www.ramlegacy.org
From: inst/doc/ramlegacy.html
Flavors: r-devel-linux-x86_64-debian-clang, r-devel-linux-x86_64-debian-gcc
Version: 0.2.0
Check: LazyData
Result: NOTE
'LazyData' is specified without a 'data' directory
Flavors: r-oldrel-macos-arm64, r-oldrel-macos-x86_64, r-oldrel-windows-x86_64