CRAN Package Check Results for Package rasterImage

Last updated on 2025-05-03 21:51:29 CEST.

Flavor Version Tinstall Tcheck Ttotal Status Flags
r-devel-linux-x86_64-debian-clang 0.4.0 1.77 17.59 19.36 NOTE
r-devel-linux-x86_64-debian-gcc 0.4.0 1.31 14.45 15.76 NOTE
r-devel-linux-x86_64-fedora-clang 0.4.0 32.83 OK
r-devel-linux-x86_64-fedora-gcc 0.4.0 30.19 OK
r-devel-windows-x86_64 0.4.0 3.00 39.00 42.00 OK
r-patched-linux-x86_64 0.4.0 1.51 17.02 18.53 OK
r-release-linux-x86_64 OK
r-release-macos-arm64 0.4.0 15.00 OK
r-release-macos-x86_64 0.4.0 24.00 OK
r-release-windows-x86_64 0.4.0 4.00 42.00 46.00 OK
r-oldrel-macos-arm64 0.4.0 13.00 NOTE
r-oldrel-macos-x86_64 0.4.0 18.00 NOTE
r-oldrel-windows-x86_64 0.4.0 3.00 38.00 41.00 NOTE

Check Details

Version: 0.4.0
Check: CRAN incoming feasibility
Result: NOTE Maintainer: ‘Martin Seilmayer <m.seilmayer@hzdr.de>’ No Authors@R field in DESCRIPTION. Please add one, modifying Authors@R: person(given = "Martin", family = "Seilmayer", role = c("aut", "cre"), email = "m.seilmayer@hzdr.de") as necessary. Flavors: r-devel-linux-x86_64-debian-clang, r-devel-linux-x86_64-debian-gcc

Version: 0.4.0
Check: LazyData
Result: NOTE 'LazyData' is specified without a 'data' directory Flavors: r-oldrel-macos-arm64, r-oldrel-macos-x86_64, r-oldrel-windows-x86_64