Last updated on 2025-11-24 21:50:27 CET.
| Flavor | Version | Tinstall | Tcheck | Ttotal | Status | Flags |
|---|---|---|---|---|---|---|
| r-devel-linux-x86_64-debian-clang | 1.0.2 | 2.55 | 37.28 | 39.83 | NOTE | |
| r-devel-linux-x86_64-debian-gcc | 1.0.2 | 2.14 | 28.53 | 30.67 | NOTE | |
| r-devel-linux-x86_64-fedora-clang | 1.0.2 | 60.52 | NOTE | |||
| r-devel-linux-x86_64-fedora-gcc | 1.0.2 | 71.49 | NOTE | |||
| r-devel-windows-x86_64 | 1.0.2 | 6.00 | 53.00 | 59.00 | NOTE | |
| r-patched-linux-x86_64 | 1.0.2 | 2.86 | 34.50 | 37.36 | NOTE | |
| r-release-linux-x86_64 | 1.0.2 | 2.66 | 34.41 | 37.07 | NOTE | |
| r-release-macos-arm64 | 1.0.2 | NOTE | ||||
| r-release-macos-x86_64 | 1.0.2 | 3.00 | 50.00 | 53.00 | NOTE | |
| r-release-windows-x86_64 | 1.0.2 | 5.00 | 78.00 | 83.00 | NOTE | |
| r-oldrel-macos-arm64 | 1.0.2 | OK | ||||
| r-oldrel-macos-x86_64 | 1.0.2 | 2.00 | 38.00 | 40.00 | OK | |
| r-oldrel-windows-x86_64 | 1.0.2 | 6.00 | 63.00 | 69.00 | OK |
Version: 1.0.2
Check: DESCRIPTION meta-information
Result: NOTE
Missing dependency on R >= 4.1.0 because package code uses the pipe
|> or function shorthand \(...) syntax added in R 4.1.0.
File(s) using such syntax:
‘findblocks_bc.Rd’ ‘getdata_bc.Rd’ ‘listdata_bc.Rd’ ‘opendata_bc.Rd’
‘utils.R’
Flavors: r-devel-linux-x86_64-debian-clang, r-devel-linux-x86_64-debian-gcc, r-devel-linux-x86_64-fedora-clang, r-devel-linux-x86_64-fedora-gcc, r-devel-windows-x86_64, r-patched-linux-x86_64, r-release-linux-x86_64, r-release-macos-arm64, r-release-macos-x86_64, r-release-windows-x86_64