Last updated on 2025-05-06 21:52:17 CEST.
Flavor | Version | Tinstall | Tcheck | Ttotal | Status | Flags |
---|---|---|---|---|---|---|
r-devel-linux-x86_64-debian-clang | 1.2.0 | 4.80 | 31.82 | 36.62 | NOTE | |
r-devel-linux-x86_64-debian-gcc | 1.2.0 | 3.07 | 22.74 | 25.81 | NOTE | |
r-devel-linux-x86_64-fedora-clang | 1.2.0 | 60.36 | OK | |||
r-devel-linux-x86_64-fedora-gcc | 1.2.0 | 59.01 | OK | |||
r-devel-windows-x86_64 | 1.2.0 | 5.00 | 49.00 | 54.00 | OK | |
r-patched-linux-x86_64 | 1.2.0 | 4.90 | 29.48 | 34.38 | OK | |
r-release-linux-x86_64 | 1.2.0 | 4.11 | 29.75 | 33.86 | OK | |
r-release-macos-arm64 | 1.2.0 | 22.00 | OK | |||
r-release-macos-x86_64 | 1.2.0 | 35.00 | OK | |||
r-release-windows-x86_64 | 1.2.0 | 7.00 | 50.00 | 57.00 | OK | |
r-oldrel-macos-arm64 | 1.2.0 | 20.00 | NOTE | |||
r-oldrel-macos-x86_64 | 1.2.0 | 29.00 | NOTE | |||
r-oldrel-windows-x86_64 | 1.2.0 | 7.00 | 57.00 | 64.00 | NOTE |
Version: 1.2.0
Check: CRAN incoming feasibility
Result: NOTE
Maintainer: ‘Solveig Pospiech <s.pospiech@gmx.de>’
No Authors@R field in DESCRIPTION.
Please add one, modifying
Authors@R: c(person(given = "Solveig",
family = "Pospiech",
role = c("aut", "cre"),
email = "s.pospiech@gmx.de"),
person(given = "Wiebke",
family = "Fahlbusch",
role = "ctb"))
as necessary.
Flavors: r-devel-linux-x86_64-debian-clang, r-devel-linux-x86_64-debian-gcc
Version: 1.2.0
Check: LazyData
Result: NOTE
'LazyData' is specified without a 'data' directory
Flavors: r-oldrel-macos-arm64, r-oldrel-macos-x86_64, r-oldrel-windows-x86_64