Last updated on 2025-05-03 12:54:52 CEST.
Flavor | Version | Tinstall | Tcheck | Ttotal | Status | Flags |
---|---|---|---|---|---|---|
r-devel-linux-x86_64-debian-clang | 0.6.0 | 4.58 | 64.01 | 68.59 | NOTE | |
r-devel-linux-x86_64-debian-gcc | 0.6.0 | 3.47 | 47.41 | 50.88 | NOTE | |
r-devel-linux-x86_64-fedora-clang | 0.6.0 | 115.80 | OK | |||
r-devel-linux-x86_64-fedora-gcc | 0.6.0 | 119.01 | OK | |||
r-devel-windows-x86_64 | 0.6.0 | 6.00 | 76.00 | 82.00 | OK | |
r-patched-linux-x86_64 | 0.6.0 | 4.94 | 61.59 | 66.53 | OK | |
r-release-linux-x86_64 | OK | |||||
r-release-macos-arm64 | 0.6.0 | 34.00 | OK | |||
r-release-macos-x86_64 | 0.6.0 | 58.00 | OK | |||
r-release-windows-x86_64 | 0.6.0 | 7.00 | 76.00 | 83.00 | OK | |
r-oldrel-macos-arm64 | 0.6.0 | 32.00 | OK | |||
r-oldrel-macos-x86_64 | 0.6.0 | 49.00 | OK | |||
r-oldrel-windows-x86_64 | 0.6.0 | 8.00 | 96.00 | 104.00 | OK |
Version: 0.6.0
Check: CRAN incoming feasibility
Result: NOTE
Maintainer: ‘Amanda Rehbein <amanda.rehbein@usp.br>’
Package CITATION file contains call(s) to old-style personList() or
as.personList(). Please use c() on person objects instead.
Package CITATION file contains call(s) to old-style citEntry(). Please
use bibentry() instead.
Flavors: r-devel-linux-x86_64-debian-clang, r-devel-linux-x86_64-debian-gcc