Last updated on 2025-05-06 21:52:17 CEST.
Flavor | Version | Tinstall | Tcheck | Ttotal | Status | Flags |
---|---|---|---|---|---|---|
r-devel-linux-x86_64-debian-clang | 0.9-6 | 5.72 | 37.76 | 43.48 | NOTE | |
r-devel-linux-x86_64-debian-gcc | 0.9-6 | 3.81 | 27.36 | 31.17 | NOTE | |
r-devel-linux-x86_64-fedora-clang | 0.9-6 | 73.26 | OK | |||
r-devel-linux-x86_64-fedora-gcc | 0.9-6 | 71.77 | OK | |||
r-devel-windows-x86_64 | 0.9-6 | 6.00 | 64.00 | 70.00 | OK | |
r-patched-linux-x86_64 | 0.9-6 | 6.10 | 35.80 | 41.90 | OK | |
r-release-linux-x86_64 | 0.9-6 | 5.05 | 36.10 | 41.15 | OK | |
r-release-macos-arm64 | 0.9-6 | 25.00 | OK | |||
r-release-macos-x86_64 | 0.9-6 | 56.00 | OK | |||
r-release-windows-x86_64 | 0.9-6 | 6.00 | 65.00 | 71.00 | OK | |
r-oldrel-macos-arm64 | 0.9-6 | 22.00 | OK | |||
r-oldrel-macos-x86_64 | 0.9-6 | 53.00 | OK | |||
r-oldrel-windows-x86_64 | 0.9-6 | 6.00 | 74.00 | 80.00 | OK |
Version: 0.9-6
Check: CRAN incoming feasibility
Result: NOTE
Maintainer: ‘Marco Scutari <scutari@bnlearn.com>’
No Authors@R field in DESCRIPTION.
Please add one, modifying
Authors@R: c(person(given = "Jean-Baptiste",
family = "Denis",
role = c("aut", "cre")),
person(given = "Marco",
family = "Scutari",
role = c("ctb", "cre"),
email = "scutari@bnlearn.com"))
as necessary.
Flavors: r-devel-linux-x86_64-debian-clang, r-devel-linux-x86_64-debian-gcc