CRAN Package Check Results for Package rbridge

Last updated on 2025-05-03 21:51:29 CEST.

Flavor Version Tinstall Tcheck Ttotal Status Flags
r-devel-linux-x86_64-debian-clang 1.0.2 27.25 59.32 86.57 NOTE
r-devel-linux-x86_64-debian-gcc 1.0.2 23.15 44.47 67.62 NOTE
r-devel-linux-x86_64-fedora-clang 1.0.2 159.89 NOTE
r-devel-linux-x86_64-fedora-gcc 1.0.2 165.62 NOTE
r-devel-windows-x86_64 1.0.2 36.00 92.00 128.00 NOTE
r-patched-linux-x86_64 1.0.2 31.05 56.29 87.34 NOTE
r-release-linux-x86_64 NOTE
r-release-macos-arm64 1.0.2 43.00 NOTE
r-release-macos-x86_64 1.0.2 101.00 NOTE
r-release-windows-x86_64 1.0.2 37.00 89.00 126.00 NOTE
r-oldrel-macos-arm64 1.0.2 41.00 NOTE
r-oldrel-macos-x86_64 1.0.2 70.00 NOTE
r-oldrel-windows-x86_64 1.0.2 42.00 111.00 153.00 NOTE

Check Details

Version: 1.0.2
Check: CRAN incoming feasibility
Result: NOTE Maintainer: ‘Bahadir Yuzbasi <b.yzb@hotmail.com>’ No Authors@R field in DESCRIPTION. Please add one, modifying Authors@R: c(person(given = "Bahadir", family = "Yuzbasi", role = c("aut", "cre"), email = "b.yzb@hotmail.com"), person(given = "Mohammad", family = "Arashi", role = "aut"), person(given = "Fikri", family = "Akdeniz", role = "aut")) as necessary. The Description field contains Yuzbasi et al. (2019) <arXiv:1910.03660>. Special cases of this Please refer to arXiv e-prints via their arXiv DOI <doi:10.48550/arXiv.YYMM.NNNNN>. Flavors: r-devel-linux-x86_64-debian-clang, r-devel-linux-x86_64-debian-gcc

Version: 1.0.2
Check: C++ specification
Result: NOTE Specified C++11: please drop specification unless essential Flavors: r-devel-linux-x86_64-debian-clang, r-devel-linux-x86_64-debian-gcc, r-devel-linux-x86_64-fedora-clang, r-devel-linux-x86_64-fedora-gcc, r-devel-windows-x86_64, r-patched-linux-x86_64, r-release-linux-x86_64, r-release-macos-arm64, r-release-macos-x86_64, r-release-windows-x86_64, r-oldrel-macos-arm64, r-oldrel-macos-x86_64, r-oldrel-windows-x86_64

Version: 1.0.2
Check: dependencies in R code
Result: NOTE Namespace in Imports field not imported from: ‘dplyr’ All declared Imports should be used. Flavors: r-devel-linux-x86_64-fedora-clang, r-devel-linux-x86_64-fedora-gcc