CRAN Package Check Results for Package rcbsubset

Last updated on 2025-05-03 21:51:29 CEST.

Flavor Version Tinstall Tcheck Ttotal Status Flags
r-devel-linux-x86_64-debian-clang 1.1.7 3.00 27.80 30.80 NOTE
r-devel-linux-x86_64-debian-gcc 1.1.7 2.22 21.31 23.53 NOTE
r-devel-linux-x86_64-fedora-clang 1.1.7 54.24 NOTE
r-devel-linux-x86_64-fedora-gcc 1.1.7 51.66 NOTE
r-devel-windows-x86_64 1.1.7 4.00 47.00 51.00 OK
r-patched-linux-x86_64 1.1.7 2.66 26.48 29.14 OK
r-release-linux-x86_64 OK
r-release-macos-arm64 1.1.7 23.00 OK
r-release-macos-x86_64 1.1.7 38.00 OK
r-release-windows-x86_64 1.1.7 3.00 48.00 51.00 OK
r-oldrel-macos-arm64 1.1.7 19.00 NOTE
r-oldrel-macos-x86_64 1.1.7 29.00 NOTE
r-oldrel-windows-x86_64 1.1.7 5.00 54.00 59.00 NOTE

Check Details

Version: 1.1.7
Check: CRAN incoming feasibility
Result: NOTE Maintainer: ‘Samuel D. Pimentel <spi@berkeley.edu>’ No Authors@R field in DESCRIPTION. Please add one, modifying Authors@R: person(given = c("Samuel", "D."), family = "Pimentel", role = c("aut", "cre"), email = "spi@berkeley.edu") as necessary. Flavors: r-devel-linux-x86_64-debian-clang, r-devel-linux-x86_64-debian-gcc

Version: 1.1.7
Check: dependencies in R code
Result: NOTE Namespace in Imports field not imported from: ‘rlemon’ All declared Imports should be used. Flavors: r-devel-linux-x86_64-fedora-clang, r-devel-linux-x86_64-fedora-gcc

Version: 1.1.7
Check: package dependencies
Result: NOTE Package suggested but not available for checking: ‘rrelaxiv’ Flavors: r-oldrel-macos-arm64, r-oldrel-macos-x86_64, r-oldrel-windows-x86_64