Last updated on 2025-07-24 06:49:36 CEST.
Flavor | Version | Tinstall | Tcheck | Ttotal | Status | Flags |
---|---|---|---|---|---|---|
r-devel-linux-x86_64-debian-clang | 3.8.1 | 7.55 | 102.27 | 109.82 | NOTE | |
r-devel-linux-x86_64-debian-gcc | 3.8.1 | 6.00 | 77.42 | 83.42 | NOTE | |
r-devel-linux-x86_64-fedora-clang | 3.8.1 | 185.73 | OK | |||
r-devel-linux-x86_64-fedora-gcc | 3.8.1 | 186.11 | OK | |||
r-devel-windows-x86_64 | 3.8.1 | 8.00 | 122.00 | 130.00 | NOTE | |
r-patched-linux-x86_64 | 3.8.1 | 7.73 | 98.78 | 106.51 | NOTE | |
r-release-linux-x86_64 | 3.8.1 | 7.48 | 98.12 | 105.60 | NOTE | |
r-release-macos-arm64 | 3.8.1 | 68.00 | OK | |||
r-release-macos-x86_64 | 3.8.1 | 112.00 | OK | |||
r-release-windows-x86_64 | 3.8.1 | 10.00 | 119.00 | 129.00 | NOTE | |
r-oldrel-macos-arm64 | 3.8.1 | 56.00 | OK | |||
r-oldrel-macos-x86_64 | 3.8.1 | 118.00 | OK | |||
r-oldrel-windows-x86_64 | 3.8.1 | 9.00 | 136.00 | 145.00 | OK |
Version: 3.8.1
Check: Rd cross-references
Result: NOTE
Found the following Rd file(s) with Rd \link{} targets missing package
anchors:
get.fingerprint.Rd: fingerprint-class, featvec-class
Please provide package anchors for all Rd \link{} targets not in the
package itself and the base packages.
Flavors: r-devel-linux-x86_64-debian-clang, r-devel-linux-x86_64-debian-gcc, r-devel-windows-x86_64, r-patched-linux-x86_64, r-release-linux-x86_64, r-release-windows-x86_64