Last updated on 2025-05-03 21:51:29 CEST.
Flavor | Version | Tinstall | Tcheck | Ttotal | Status | Flags |
---|---|---|---|---|---|---|
r-devel-linux-x86_64-debian-clang | 0.0.1 | 3.73 | 53.60 | 57.33 | NOTE | |
r-devel-linux-x86_64-debian-gcc | 0.0.1 | 2.53 | 41.40 | 43.93 | NOTE | |
r-devel-linux-x86_64-fedora-clang | 0.0.1 | 91.53 | NOTE | |||
r-devel-linux-x86_64-fedora-gcc | 0.0.1 | 105.54 | NOTE | |||
r-devel-windows-x86_64 | 0.0.1 | 5.00 | 83.00 | 88.00 | NOTE | |
r-patched-linux-x86_64 | 0.0.1 | 4.37 | 50.06 | 54.43 | NOTE | |
r-release-linux-x86_64 | NOTE | |||||
r-release-macos-arm64 | 0.0.1 | 35.00 | NOTE | |||
r-release-macos-x86_64 | 0.0.1 | 63.00 | NOTE | |||
r-release-windows-x86_64 | 0.0.1 | 6.00 | 81.00 | 87.00 | NOTE | |
r-oldrel-macos-arm64 | 0.0.1 | 200.00 | OK | |||
r-oldrel-macos-x86_64 | 0.0.1 | 222.00 | OK | |||
r-oldrel-windows-x86_64 | 0.0.1 | 7.00 | 95.00 | 102.00 | OK |
Version: 0.0.1
Check: DESCRIPTION meta-information
Result: NOTE
Missing dependency on R >= 4.1.0 because package code uses the pipe
|> or function shorthand \(...) syntax added in R 4.1.0.
File(s) using such syntax:
‘extract_smoking.R’ ‘extract_test_data_var.R’ ‘extract_time_until.R’
‘misc_functions.R’
Flavors: r-devel-linux-x86_64-debian-clang, r-devel-linux-x86_64-debian-gcc, r-devel-linux-x86_64-fedora-clang, r-devel-linux-x86_64-fedora-gcc, r-devel-windows-x86_64, r-patched-linux-x86_64, r-release-linux-x86_64, r-release-macos-arm64, r-release-macos-x86_64, r-release-windows-x86_64