Last updated on 2025-05-03 12:54:52 CEST.
Flavor | Version | Tinstall | Tcheck | Ttotal | Status | Flags |
---|---|---|---|---|---|---|
r-devel-linux-x86_64-debian-clang | 0.5.1 | 36.81 | 47.27 | 84.08 | NOTE | |
r-devel-linux-x86_64-debian-gcc | 0.5.1 | 29.08 | 35.30 | 64.38 | NOTE | |
r-devel-linux-x86_64-fedora-clang | 0.5.1 | 145.29 | OK | |||
r-devel-linux-x86_64-fedora-gcc | 0.5.1 | 180.29 | OK | |||
r-devel-windows-x86_64 | 0.5.1 | 43.00 | 87.00 | 130.00 | OK | |
r-patched-linux-x86_64 | 0.5.1 | 40.45 | 43.98 | 84.43 | OK | |
r-release-linux-x86_64 | OK | |||||
r-release-macos-arm64 | 0.5.1 | 59.00 | OK | |||
r-release-macos-x86_64 | 0.5.1 | 73.00 | OK | |||
r-release-windows-x86_64 | 0.5.1 | 46.00 | 85.00 | 131.00 | OK | |
r-oldrel-macos-arm64 | 0.5.1 | 44.00 | OK | |||
r-oldrel-macos-x86_64 | 0.5.1 | 56.00 | OK | |||
r-oldrel-windows-x86_64 | 0.5.1 | 49.00 | 102.00 | 151.00 | OK |
Version: 0.5.1
Check: CRAN incoming feasibility
Result: NOTE
Maintainer: ‘Yixuan Qiu <yixuan.qiu@cos.name>’
No Authors@R field in DESCRIPTION.
Please add one, modifying
Authors@R: c(person(given = "Yixuan",
family = "Qiu",
role = c("aut", "cre"),
email = "yixuan.qiu@cos.name"),
person(given = "David",
family = "Cortes",
role = "aut"),
person(given = "Chih-Jen",
family = "Lin",
role = "aut"),
person(given = "Yu-Chin",
family = "Juan",
role = "aut"),
person(given = "Wei-Sheng",
family = "Chin",
role = "aut"),
person(given = "Yong",
family = "Zhuang",
role = "aut"),
person(given = "Bo-Wen",
family = "Yuan",
role = "aut"),
person(given = "Meng-Yuan",
family = "Yang",
role = "aut"),
person(given = c("other", "contributors.", "See", "file", "AUTHORS", "for"),
family = "details.",
role = "aut"))
as necessary.
Flavors: r-devel-linux-x86_64-debian-clang, r-devel-linux-x86_64-debian-gcc