Last updated on 2024-06-16 11:58:05 CEST.
Flavor | Version | Tinstall | Tcheck | Ttotal | Status | Flags |
---|---|---|---|---|---|---|
r-devel-linux-x86_64-debian-clang | 4.2.0 | 524.12 | 297.94 | 822.06 | OK | |
r-devel-linux-x86_64-debian-gcc | 4.2.0 | 340.29 | 213.18 | 553.47 | OK | |
r-devel-linux-x86_64-fedora-clang | 4.2.0 | 1162.50 | NOTE | |||
r-devel-linux-x86_64-fedora-gcc | 4.2.0 | 1188.76 | OK | |||
r-devel-windows-x86_64 | 4.2.0 | 379.00 | 281.00 | 660.00 | NOTE | |
r-patched-linux-x86_64 | 4.2.0 | 431.66 | 285.93 | 717.59 | OK | |
r-release-linux-x86_64 | 4.2.0 | 411.88 | 277.00 | 688.88 | OK | |
r-release-macos-arm64 | 4.2.0 | 221.00 | NOTE | |||
r-release-macos-x86_64 | 4.2.0 | 260.00 | NOTE | |||
r-release-windows-x86_64 | 4.2.0 | 392.00 | 296.00 | 688.00 | NOTE | |
r-oldrel-macos-arm64 | 4.2.0 | 234.00 | NOTE | |||
r-oldrel-macos-x86_64 | 4.2.0 | 389.00 | NOTE | |||
r-oldrel-windows-x86_64 | 4.2.0 | 482.00 | 358.00 | 840.00 | NOTE |
Version: 4.2.0
Check: installed package size
Result: NOTE
installed size is 5.2Mb
sub-directories of 1Mb or more:
data 1.2Mb
libs 1.3Mb
Flavors: r-devel-linux-x86_64-fedora-clang, r-devel-windows-x86_64, r-release-macos-arm64, r-release-macos-x86_64, r-release-windows-x86_64, r-oldrel-macos-arm64, r-oldrel-macos-x86_64, r-oldrel-windows-x86_64
Version: 4.2.0
Check: package dependencies
Result: NOTE
Package suggested but not available for checking: ‘Rmpi’
Flavors: r-release-macos-arm64, r-release-macos-x86_64, r-oldrel-macos-arm64, r-oldrel-macos-x86_64