Last updated on 2025-05-03 12:54:52 CEST.
Flavor | Version | Tinstall | Tcheck | Ttotal | Status | Flags |
---|---|---|---|---|---|---|
r-devel-linux-x86_64-debian-clang | 0.1.8 | 8.58 | 76.97 | 85.55 | NOTE | |
r-devel-linux-x86_64-debian-gcc | 0.1.8 | 6.39 | 56.40 | 62.79 | NOTE | |
r-devel-linux-x86_64-fedora-clang | 0.1.8 | 130.33 | NOTE | |||
r-devel-linux-x86_64-fedora-gcc | 0.1.8 | 143.40 | NOTE | |||
r-devel-windows-x86_64 | 0.1.8 | 11.00 | 100.00 | 111.00 | NOTE | |
r-patched-linux-x86_64 | 0.1.8 | 8.81 | 71.17 | 79.98 | NOTE | |
r-release-linux-x86_64 | NOTE | |||||
r-release-macos-arm64 | 0.1.8 | 51.00 | NOTE | |||
r-release-macos-x86_64 | 0.1.8 | 97.00 | NOTE | |||
r-release-windows-x86_64 | 0.1.8 | 11.00 | 98.00 | 109.00 | NOTE | |
r-oldrel-macos-arm64 | 0.1.8 | 49.00 | NOTE | |||
r-oldrel-macos-x86_64 | 0.1.8 | 82.00 | NOTE | |||
r-oldrel-windows-x86_64 | 0.1.8 | 14.00 | 118.00 | 132.00 | NOTE |
Version: 0.1.8
Check: CRAN incoming feasibility
Result: NOTE
Maintainer: ‘Daniel Antal <daniel.antal@ceemid.eu>’
The BugReports field in DESCRIPTION has
https://github.com/rOpenGov/regions
which should likely be
https://github.com/rOpenGov/regions/issues
instead.
Flavors: r-devel-linux-x86_64-debian-clang, r-devel-linux-x86_64-debian-gcc
Version: 0.1.8
Check: Rd files
Result: NOTE
checkRd: (-1) impute_down_nuts.Rd:21: Lost braces
21 | NUTS typologies, defaults to code{"geo_var".}}
| ^
checkRd: (-1) validate_data_frame.Rd:19: Lost braces
19 | NUTS typologies, defaults to code{"geo_var".}}
| ^
Flavors: r-devel-linux-x86_64-debian-clang, r-devel-linux-x86_64-debian-gcc, r-devel-linux-x86_64-fedora-clang, r-devel-linux-x86_64-fedora-gcc, r-devel-windows-x86_64, r-patched-linux-x86_64, r-release-linux-x86_64, r-release-macos-arm64, r-release-macos-x86_64, r-release-windows-x86_64, r-oldrel-macos-arm64, r-oldrel-macos-x86_64, r-oldrel-windows-x86_64