Last updated on 2025-05-03 21:51:29 CEST.
Flavor | Version | Tinstall | Tcheck | Ttotal | Status | Flags |
---|---|---|---|---|---|---|
r-devel-linux-x86_64-debian-clang | 0.1.0 | 10.16 | 52.10 | 62.26 | NOTE | |
r-devel-linux-x86_64-debian-gcc | 0.1.0 | 5.51 | 37.14 | 42.65 | NOTE | |
r-devel-linux-x86_64-fedora-clang | 0.1.0 | 87.07 | OK | |||
r-devel-linux-x86_64-fedora-gcc | 0.1.0 | 91.21 | OK | |||
r-devel-windows-x86_64 | 0.1.0 | 11.00 | 70.00 | 81.00 | OK | |
r-patched-linux-x86_64 | 0.1.0 | 8.79 | 47.88 | 56.67 | OK | |
r-release-linux-x86_64 | OK | |||||
r-release-macos-arm64 | 0.1.0 | 26.00 | OK | |||
r-release-macos-x86_64 | 0.1.0 | 51.00 | OK | |||
r-release-windows-x86_64 | 0.1.0 | 10.00 | 65.00 | 75.00 | OK | |
r-oldrel-macos-arm64 | 0.1.0 | 26.00 | NOTE | |||
r-oldrel-macos-x86_64 | 0.1.0 | 38.00 | NOTE | |||
r-oldrel-windows-x86_64 | 0.1.0 | 14.00 | 91.00 | 105.00 | NOTE |
Version: 0.1.0
Check: CRAN incoming feasibility
Result: NOTE
Maintainer: ‘Arnaud Buzzi <arnaud.buzzi@sia-partners.com>’
No Authors@R field in DESCRIPTION.
Please add one, modifying
Authors@R: person(given = "Arnaud",
family = "Buzzi",
role = c("aut", "cre"),
email = "arnaud.buzzi@sia-partners.com")
as necessary.
Flavors: r-devel-linux-x86_64-debian-clang, r-devel-linux-x86_64-debian-gcc
Version: 0.1.0
Check: LazyData
Result: NOTE
'LazyData' is specified without a 'data' directory
Flavors: r-oldrel-macos-arm64, r-oldrel-macos-x86_64, r-oldrel-windows-x86_64