Last updated on 2025-07-24 03:50:10 CEST.
Flavor | Version | Tinstall | Tcheck | Ttotal | Status | Flags |
---|---|---|---|---|---|---|
r-devel-linux-x86_64-debian-clang | 1.0.0 | 32.40 | 51.69 | 84.09 | NOTE | |
r-devel-linux-x86_64-debian-gcc | 1.0.0 | 26.43 | 38.93 | 65.36 | NOTE | |
r-devel-linux-x86_64-fedora-clang | 1.0.0 | 145.82 | OK | |||
r-devel-linux-x86_64-fedora-gcc | 1.0.0 | 146.35 | OK | |||
r-devel-windows-x86_64 | 1.0.0 | 44.00 | 100.00 | 144.00 | OK | |
r-patched-linux-x86_64 | 1.0.0 | 36.87 | 48.39 | 85.26 | OK | |
r-release-linux-x86_64 | 1.0.0 | 34.25 | 49.17 | 83.42 | OK | |
r-release-macos-arm64 | 1.0.0 | 50.00 | OK | |||
r-release-macos-x86_64 | 1.0.0 | 68.00 | OK | |||
r-release-windows-x86_64 | 1.0.0 | 45.00 | 99.00 | 144.00 | OK | |
r-oldrel-macos-arm64 | 1.0.0 | 41.00 | OK | |||
r-oldrel-macos-x86_64 | 1.0.0 | 57.00 | OK | |||
r-oldrel-windows-x86_64 | 1.0.0 | 50.00 | 112.00 | 162.00 | OK |
Version: 1.0.0
Check: CRAN incoming feasibility
Result: NOTE
Maintainer: ‘James M. Curran <j.curran@auckland.ac.nz>’
No Authors@R field in DESCRIPTION.
Please add one, modifying
Authors@R: person(given = c("James", "M."),
family = "Curran",
role = c("aut", "cre"),
email = "j.curran@auckland.ac.nz")
as necessary.
Flavors: r-devel-linux-x86_64-debian-clang, r-devel-linux-x86_64-debian-gcc