Last updated on 2025-07-24 12:51:36 CEST.
Flavor | Version | Tinstall | Tcheck | Ttotal | Status | Flags |
---|---|---|---|---|---|---|
r-devel-linux-x86_64-debian-clang | 0.2.1 | 3.66 | 53.96 | 57.62 | NOTE | |
r-devel-linux-x86_64-debian-gcc | 0.2.1 | 2.95 | 43.04 | 45.99 | NOTE | |
r-devel-linux-x86_64-fedora-clang | 0.2.1 | 89.80 | OK | |||
r-devel-linux-x86_64-fedora-gcc | 0.2.1 | 100.51 | OK | |||
r-devel-windows-x86_64 | 0.2.1 | 4.00 | 72.00 | 76.00 | OK | |
r-patched-linux-x86_64 | 0.2.1 | 3.60 | 52.37 | 55.97 | OK | |
r-release-linux-x86_64 | 0.2.1 | 3.51 | 51.31 | 54.82 | OK | |
r-release-macos-arm64 | 0.2.1 | 33.00 | OK | |||
r-release-macos-x86_64 | 0.2.1 | 61.00 | OK | |||
r-release-windows-x86_64 | 0.2.1 | 5.00 | 71.00 | 76.00 | OK | |
r-oldrel-macos-arm64 | 0.2.1 | 34.00 | OK | |||
r-oldrel-macos-x86_64 | 0.2.1 | 55.00 | OK | |||
r-oldrel-windows-x86_64 | 0.2.1 | 5.00 | 82.00 | 87.00 | OK |
Version: 0.2.1
Check: CRAN incoming feasibility
Result: NOTE
Maintainer: ‘Juan Carlos Aledo <caledo@uma.es>’
No Authors@R field in DESCRIPTION.
Please add one, modifying
Authors@R: person(given = c("Juan", "Carlos"),
family = "Aledo",
role = c("aut", "cre"),
email = "caledo@uma.es")
as necessary.
Flavors: r-devel-linux-x86_64-debian-clang, r-devel-linux-x86_64-debian-gcc