Last updated on 2025-05-03 12:54:52 CEST.
Flavor | Version | Tinstall | Tcheck | Ttotal | Status | Flags |
---|---|---|---|---|---|---|
r-devel-linux-x86_64-debian-clang | 0.2.1 | 23.48 | 67.38 | 90.86 | NOTE | |
r-devel-linux-x86_64-debian-gcc | 0.2.1 | 16.63 | 48.21 | 64.84 | NOTE | |
r-devel-linux-x86_64-fedora-clang | 0.2.1 | 153.01 | NOTE | |||
r-devel-linux-x86_64-fedora-gcc | 0.2.1 | 159.13 | NOTE | |||
r-devel-windows-x86_64 | 0.2.1 | 28.00 | 100.00 | 128.00 | NOTE | |
r-patched-linux-x86_64 | 0.2.1 | 19.46 | 62.29 | 81.75 | NOTE | |
r-release-linux-x86_64 | NOTE | |||||
r-release-macos-arm64 | 0.2.1 | 46.00 | NOTE | |||
r-release-macos-x86_64 | 0.2.1 | 82.00 | NOTE | |||
r-release-windows-x86_64 | 0.2.1 | 31.00 | 95.00 | 126.00 | NOTE | |
r-oldrel-macos-arm64 | 0.2.1 | 48.00 | NOTE | |||
r-oldrel-macos-x86_64 | 0.2.1 | 83.00 | NOTE | |||
r-oldrel-windows-x86_64 | 0.2.1 | 34.00 | 116.00 | 150.00 | NOTE |
Version: 0.2.1
Check: DESCRIPTION meta-information
Result: NOTE
Missing dependency on R >= 4.1.0 because package code uses the pipe
|> or function shorthand \(...) syntax added in R 4.1.0.
File(s) using such syntax:
‘compute_orbital_speeds.Rd’ ‘specta_data_processing.R’
Flavors: r-devel-linux-x86_64-debian-clang, r-devel-linux-x86_64-debian-gcc, r-devel-linux-x86_64-fedora-clang, r-devel-linux-x86_64-fedora-gcc, r-devel-windows-x86_64, r-patched-linux-x86_64, r-release-linux-x86_64, r-release-macos-arm64, r-release-windows-x86_64
Version: 0.2.1
Check: DESCRIPTION meta-information
Result: NOTE
Missing dependency on R >= 4.1.0 because package code uses the pipe
|> or function shorthand \(...) syntax added in R 4.1.0.
File(s) using such syntax:
‘specta_data_processing.R’
Flavor: r-release-macos-x86_64
Version: 0.2.1
Check: package dependencies
Result: NOTE
Package suggested but not available for checking: ‘resourcecodedata’
Flavors: r-oldrel-macos-arm64, r-oldrel-macos-x86_64, r-oldrel-windows-x86_64