Last updated on 2024-06-16 11:58:05 CEST.
Flavor | Version | Tinstall | Tcheck | Ttotal | Status | Flags |
---|---|---|---|---|---|---|
r-devel-linux-x86_64-debian-clang | 0.1.0 | 7.19 | 54.14 | 61.33 | OK | |
r-devel-linux-x86_64-debian-gcc | 0.1.0 | 4.90 | 40.79 | 45.69 | OK | |
r-devel-linux-x86_64-fedora-clang | 0.1.0 | 75.87 | NOTE | |||
r-devel-linux-x86_64-fedora-gcc | 0.1.0 | 84.09 | NOTE | |||
r-devel-windows-x86_64 | 0.1.0 | 6.00 | 69.00 | 75.00 | OK | |
r-patched-linux-x86_64 | 0.1.0 | 4.58 | 52.99 | 57.57 | OK | |
r-release-linux-x86_64 | 0.1.0 | 3.45 | 52.88 | 56.33 | OK | |
r-release-macos-arm64 | 0.1.0 | 31.00 | OK | |||
r-release-macos-x86_64 | 0.1.0 | 47.00 | OK | |||
r-release-windows-x86_64 | 0.1.0 | 7.00 | 74.00 | 81.00 | OK | |
r-oldrel-macos-arm64 | 0.1.0 | 31.00 | OK | |||
r-oldrel-macos-x86_64 | 0.1.0 | 61.00 | OK | |||
r-oldrel-windows-x86_64 | 0.1.0 | 8.00 | 73.00 | 81.00 | OK |
Version: 0.1.0
Check: data for non-ASCII characters
Result: NOTE
Note: found 1172 marked UTF-8 strings
Flavors: r-devel-linux-x86_64-fedora-clang, r-devel-linux-x86_64-fedora-gcc