Last updated on 2025-07-22 12:49:43 CEST.
Flavor | Version | Tinstall | Tcheck | Ttotal | Status | Flags |
---|---|---|---|---|---|---|
r-devel-linux-x86_64-debian-clang | 1.42.0 | 35.53 | 113.31 | 148.84 | OK | |
r-devel-linux-x86_64-debian-gcc | 1.42.0 | 29.40 | 81.88 | 111.28 | OK | |
r-devel-linux-x86_64-fedora-clang | 1.43.0 | 263.55 | OK | |||
r-devel-linux-x86_64-fedora-gcc | 1.43.0 | 271.64 | OK | |||
r-devel-windows-x86_64 | 1.43.0 | 51.00 | 139.00 | 190.00 | OK | |
r-patched-linux-x86_64 | 1.42.0 | 41.39 | 107.13 | 148.52 | OK | |
r-release-linux-x86_64 | 1.42.0 | 40.57 | 107.07 | 147.64 | OK | |
r-release-macos-arm64 | 1.42.0 | 80.00 | OK | |||
r-release-macos-x86_64 | 1.43.0 | 138.00 | OK | |||
r-release-windows-x86_64 | 1.42.0 | 55.00 | 147.00 | 202.00 | OK | |
r-oldrel-macos-arm64 | 1.42.0 | 73.00 | NOTE | |||
r-oldrel-macos-x86_64 | 1.43.0 | 150.00 | NOTE | |||
r-oldrel-windows-x86_64 | 1.42.0 | 68.00 | 179.00 | 247.00 | OK |
Version: 1.42.0
Check: installed package size
Result: NOTE
installed size is 6.2Mb
sub-directories of 1Mb or more:
libs 3.7Mb
Flavor: r-oldrel-macos-arm64
Version: 1.43.0
Check: installed package size
Result: NOTE
installed size is 6.1Mb
sub-directories of 1Mb or more:
libs 3.6Mb
Flavor: r-oldrel-macos-x86_64