Last updated on 2025-05-03 12:54:52 CEST.
Flavor | Version | Tinstall | Tcheck | Ttotal | Status | Flags |
---|---|---|---|---|---|---|
r-devel-linux-x86_64-debian-clang | 0.2.0 | 8.14 | 122.41 | 130.55 | NOTE | |
r-devel-linux-x86_64-debian-gcc | 0.2.0 | 5.70 | 83.08 | 88.78 | NOTE | |
r-devel-linux-x86_64-fedora-clang | 0.2.0 | 210.34 | NOTE | |||
r-devel-linux-x86_64-fedora-gcc | 0.2.0 | 205.27 | NOTE | |||
r-devel-windows-x86_64 | 0.2.0 | 9.00 | 136.00 | 145.00 | NOTE | |
r-patched-linux-x86_64 | 0.2.0 | 7.65 | 114.36 | 122.01 | NOTE | |
r-release-linux-x86_64 | NOTE | |||||
r-release-macos-arm64 | 0.2.0 | 70.00 | NOTE | |||
r-release-macos-x86_64 | 0.2.0 | 136.00 | NOTE | |||
r-release-windows-x86_64 | 0.2.0 | 9.00 | 135.00 | 144.00 | NOTE | |
r-oldrel-macos-arm64 | 0.2.0 | 64.00 | NOTE | |||
r-oldrel-macos-x86_64 | 0.2.0 | 97.00 | NOTE | |||
r-oldrel-windows-x86_64 | 0.2.0 | 11.00 | 164.00 | 175.00 | NOTE |
Version: 0.2.0
Check: Rd files
Result: NOTE
checkRd: (-1) harmonize_values.Rd:44: Lost braces; missing escapes or markup?
44 | \item{perl}{Use perl-like regex? Defaults to {FALSE}.}
| ^
Flavors: r-devel-linux-x86_64-debian-clang, r-devel-linux-x86_64-debian-gcc, r-devel-linux-x86_64-fedora-clang, r-devel-linux-x86_64-fedora-gcc, r-devel-windows-x86_64, r-patched-linux-x86_64, r-release-linux-x86_64, r-release-macos-arm64, r-release-macos-x86_64, r-release-windows-x86_64, r-oldrel-macos-arm64, r-oldrel-macos-x86_64, r-oldrel-windows-x86_64
Version: 0.2.0
Check: installed package size
Result: NOTE
installed size is 5.6Mb
sub-directories of 1Mb or more:
doc 1.1Mb
examples 1.9Mb
Flavors: r-oldrel-macos-arm64, r-oldrel-macos-x86_64, r-oldrel-windows-x86_64