CRAN Package Check Results for Package rfoaas

Last updated on 2025-05-03 21:51:30 CEST.

Flavor Version Tinstall Tcheck Ttotal Status Flags
r-devel-linux-x86_64-debian-clang 2.3.2 1.90 20.28 22.18 NOTE
r-devel-linux-x86_64-debian-gcc 2.3.2 1.60 16.50 18.10 NOTE
r-devel-linux-x86_64-fedora-clang 2.3.2 34.81 OK
r-devel-linux-x86_64-fedora-gcc 2.3.2 30.96 OK
r-devel-windows-x86_64 2.3.2 3.00 47.00 50.00 OK
r-patched-linux-x86_64 2.3.2 2.09 18.13 20.22 OK
r-release-linux-x86_64 OK
r-release-macos-arm64 2.3.2 19.00 OK
r-release-macos-x86_64 2.3.2 24.00 OK
r-release-windows-x86_64 2.3.2 3.00 41.00 44.00 OK
r-oldrel-macos-arm64 2.3.2 16.00 OK
r-oldrel-macos-x86_64 2.3.2 21.00 OK
r-oldrel-windows-x86_64 2.3.2 4.00 43.00 47.00 OK

Check Details

Version: 2.3.2
Check: CRAN incoming feasibility
Result: NOTE Maintainer: ‘Dirk Eddelbuettel <edd@debian.org>’ No Authors@R field in DESCRIPTION. Please add one, modifying Authors@R: person(given = "Dirk", family = "Eddelbuettel", role = c("aut", "cre"), email = "edd@debian.org") as necessary. Flavors: r-devel-linux-x86_64-debian-clang, r-devel-linux-x86_64-debian-gcc