Last updated on 2024-06-16 11:58:05 CEST.
Flavor | Version | Tinstall | Tcheck | Ttotal | Status | Flags |
---|---|---|---|---|---|---|
r-devel-linux-x86_64-debian-clang | 3.8.0 | 18.65 | 190.78 | 209.43 | ERROR | |
r-devel-linux-x86_64-debian-gcc | 3.8.0 | 13.72 | 138.09 | 151.81 | OK | |
r-devel-linux-x86_64-fedora-clang | 3.8.0 | 256.75 | OK | |||
r-devel-linux-x86_64-fedora-gcc | 3.8.0 | 237.97 | OK | |||
r-devel-windows-x86_64 | 3.8.0 | 16.00 | 164.00 | 180.00 | OK | |
r-patched-linux-x86_64 | 3.8.0 | 17.29 | 183.30 | 200.59 | OK | |
r-release-linux-x86_64 | 3.8.0 | 16.47 | 183.67 | 200.14 | OK | |
r-release-macos-arm64 | 3.8.0 | 84.00 | OK | |||
r-release-macos-x86_64 | 3.8.0 | 142.00 | OK | |||
r-release-windows-x86_64 | 3.8.0 | 15.00 | 164.00 | 179.00 | OK | |
r-oldrel-macos-arm64 | 3.8.0 | 84.00 | OK | |||
r-oldrel-macos-x86_64 | 3.8.0 | 193.00 | OK | |||
r-oldrel-windows-x86_64 | 3.8.0 | 20.00 | 204.00 | 224.00 | OK |
Version: 3.8.0
Check: tests
Result: ERROR
Running ‘test-all.R’ [79s/148s]
Running the tests in ‘tests/test-all.R’ failed.
Complete output:
> library(testthat)
> test_check("rgbif")
Loading required package: rgbif
[ FAIL 3 | WARN 1 | SKIP 133 | PASS 1305 ]
══ Skipped tests (133) ═════════════════════════════════════════════════════════
• On CRAN (133): 'test-country_codes.r:4:3', 'test-dataset_export.R:3:1',
'test-dataset_gridded.R:3:1', 'test-dataset_uuid_funs.R:75:3',
'test-derived_dataset.R:3:3', 'test-derived_dataset.R:51:3',
'test-derived_dataset.R:186:3', 'test-derived_dataset.R:347:3',
'test-downloads.R:3:3', 'test-downloads.R:16:3', 'test-downloads.R:43:3',
'test-downloads.R:80:3', 'test-downloads.R:87:3', 'test-downloads.R:101:3',
'test-downloads.R:116:3', 'test-elevation.R:3:3', 'test-elevation.R:16:3',
'test-elevation.R:32:3', 'test-elevation.R:59:3', 'test-elevation.R:84:3',
'test-enumeration.r:4:3', 'test-enumeration.r:23:3',
'test-gbif_geocode.R:3:5', 'test-gbif_geocode.R:60:3',
'test-gbif_issues.R:4:3', 'test-gbif_issues.R:17:3',
'test-gbif_issues.R:41:3', 'test-gbif_issues_lookup.R:4:3',
'test-gbif_issues_lookup.R:39:3', 'test-gbif_names.R:4:3',
'test-gbif_names.R:28:3', 'test-gbif_photos.R:4:3', 'test-lit_search.R:5:5',
'test-lit_search.R:120:3', 'test-map_fetch.R:3:1', 'test-mvt_fetch.R:4:3',
'test-mvt_fetch.R:15:3', 'test-name_backbone.r:29:3',
'test-name_backbone_checklist.R:4:3', 'test-name_backbone_checklist.R:184:3',
'test-name_backbone_checklist.R:273:3',
'test-name_backbone_checklist.R:368:3',
'test-name_backbone_checklist.R:466:3', 'test-name_lookup.r:4:3',
'test-name_lookup.r:61:3', 'test-name_lookup.r:96:3',
'test-name_lookup.r:115:3', 'test-name_lookup.r:130:3',
'test-name_lookup.r:164:3', 'test-name_suggest.r:58:5',
'test-name_usage.r:4:3', 'test-occ_count.r:83:3', 'test-occ_data.R:7:3',
'test-occ_data.R:38:3', 'test-occ_data.R:71:3', 'test-occ_data.R:114:3',
'test-occ_data.R:188:3', 'test-occ_data.R:334:3', 'test-occ_data.R:348:3',
'test-occ_data.R:363:3', 'test-occ_data.R:381:3', 'test-occ_data.R:398:3',
'test-occ_data.R:415:3', 'test-occ_data.R:434:3', 'test-occ_data.R:451:3',
'test-occ_data.R:468:3', 'test-occ_data.R:485:3', 'test-occ_data.R:502:3',
'test-occ_data.R:519:3', 'test-occ_data.R:537:3', 'test-occ_data.R:555:3',
'test-occ_data.R:573:3', 'test-occ_data.R:588:3', 'test-occ_data.R:604:3',
'test-occ_download.R:13:3', 'test-occ_download_cached.R:10:3',
'test-occ_download_cached.R:68:3', 'test-occ_download_cached.R:107:3',
'test-occ_download_cancel.R:2:3', 'test-occ_download_cancel.R:19:3',
'test-occ_download_cancel.R:27:3',
'test-occ_download_dataset_activity.R:4:3',
'test-occ_download_dataset_activity.R:26:3',
'test-occ_download_datasets.R:4:3', 'test-occ_download_datasets.R:27:3',
'test-occ_download_get.R:2:3', 'test-occ_download_import.R:2:3',
'test-occ_download_import.R:17:3', 'test-occ_download_list.R:10:3',
'test-occ_download_list.R:28:3', 'test-occ_download_list.R:51:3',
'test-occ_download_meta.R:2:3', 'test-occ_download_meta.R:37:3',
'test-occ_download_prep.R:2:3', 'test-occ_download_prep.R:37:3',
'test-occ_download_prep.R:54:3', 'test-occ_download_queue.R:14:3',
'test-occ_download_queue.R:36:3', 'test-occ_download_queue.R:77:3',
'test-occ_download_wait.R:2:3', 'test-occ_download_wait.R:21:3',
'test-occ_get.r:43:3', 'test-occ_search.r:7:3', 'test-occ_search.r:35:3',
'test-occ_search.r:67:3', 'test-occ_search.r:101:3',
'test-occ_search.r:114:3', 'test-occ_search.r:128:3',
'test-occ_search.r:143:3', 'test-occ_search.r:161:3',
'test-occ_search.r:178:3', 'test-occ_search.r:195:3',
'test-occ_search.r:214:3', 'test-occ_search.r:231:3',
'test-occ_search.r:248:3', 'test-occ_search.r:266:3',
'test-occ_search.r:283:3', 'test-occ_search.r:300:3',
'test-occ_search.r:318:3', 'test-occ_search.r:336:3',
'test-occ_search.r:354:3', 'test-occ_search.r:369:3',
'test-occ_search.r:386:3', 'test-occ_search.r:436:3',
'test-occ_search.r:510:3', 'test-organizations.r:4:3',
'test-organizations.r:67:3', 'test-print_gbif.R:4:3',
'test-print_gbif.R:23:3', 'test-wkt_large.R:36:3', 'test-wkt_large.R:72:3',
'test-wkt_large.R:91:3', 'test-wkt_parse.R:34:3'
══ Failed tests ════════════════════════════════════════════════════════════════
── Error ('test-occ_get.r:5:5'): returns the correct class ─────────────────────
Error in `curl::curl_fetch_memory(x$url$url, handle = x$url$handle)`: Error in the HTTP2 framing layer
Backtrace:
▆
1. ├─vcr::use_cassette(...) at test-occ_get.r:4:3
2. │ └─cassette$call_block(...)
3. └─rgbif::occ_get(key = 855998194) at test-occ_get.r:5:5
4. └─rgbif:::occ_get_helper(FALSE, key, fields, curlopts)
5. └─base::lapply(...)
6. └─rgbif (local) FUN(X[[i]], ...)
7. └─rgbif:::gbif_GET(url, NULL, verbatim, curlopts)
8. └─cli$get(query = args)
9. └─private$make_request(rr)
10. └─adap$handle_request(opts)
11. └─private$request_handler(req)$handle()
12. └─eval(parse(text = req_type_fun))(self$request)
13. └─webmockr::webmockr_crul_fetch(self$request_original)
14. └─curl::curl_fetch_memory(x$url$url, handle = x$url$handle)
── Error ('test-organizations.r:37:7'): correct country is returned ────────────
Error: 500 - Server error
Backtrace:
▆
1. ├─vcr::use_cassette(...) at test-organizations.r:35:3
2. │ └─cassette$call_block(...)
3. └─rgbif::organizations(country = "BL") at test-organizations.r:37:7
4. └─rgbif:::getdata(data)
5. └─rgbif:::gbif_GET(url, args, TRUE, curlopts)
── Error ('test-organizations.r:52:7'): find GBIF Secretariat datasets ─────────
Error: 500 - Server error
Backtrace:
▆
1. ├─vcr::use_cassette(...) at test-organizations.r:50:3
2. │ └─cassette$call_block(...)
3. └─rgbif::organizations(data = "hostedDataset", uuid = "fbca90e3-8aed-48b1-84e3-369afbd000ce") at test-organizations.r:52:7
4. └─rgbif:::getdata(data)
5. └─rgbif:::gbif_GET(url, args, TRUE, curlopts)
[ FAIL 3 | WARN 1 | SKIP 133 | PASS 1305 ]
Error: Test failures
Execution halted
Flavor: r-devel-linux-x86_64-debian-clang