Last updated on 2024-06-16 11:58:05 CEST.
Flavor | Version | Tinstall | Tcheck | Ttotal | Status | Flags |
---|---|---|---|---|---|---|
r-devel-linux-x86_64-debian-clang | 0.6.4 | 6.37 | 68.79 | 75.16 | OK | |
r-devel-linux-x86_64-debian-gcc | 0.6.4 | 4.97 | 52.69 | 57.66 | OK | |
r-devel-linux-x86_64-fedora-clang | 0.6.4 | 96.90 | NOTE | |||
r-devel-linux-x86_64-fedora-gcc | 0.6.4 | 104.26 | NOTE | |||
r-devel-windows-x86_64 | 0.6.4 | 6.00 | 75.00 | 81.00 | OK | |
r-patched-linux-x86_64 | 0.6.4 | 7.36 | 67.48 | 74.84 | OK | |
r-release-linux-x86_64 | 0.6.4 | 5.41 | 66.25 | 71.66 | OK | |
r-release-macos-arm64 | 0.6.4 | 44.00 | OK | |||
r-release-macos-x86_64 | 0.6.4 | 73.00 | OK | |||
r-release-windows-x86_64 | 0.6.4 | 7.00 | 79.00 | 86.00 | OK | |
r-oldrel-macos-arm64 | 0.6.4 | 48.00 | OK | |||
r-oldrel-macos-x86_64 | 0.6.4 | 118.00 | NOTE | |||
r-oldrel-windows-x86_64 | 0.6.4 | 7.00 | 83.00 | 90.00 | OK |
Version: 0.6.4
Check: data for non-ASCII characters
Result: NOTE
Note: found 169 marked UTF-8 strings
Flavors: r-devel-linux-x86_64-fedora-clang, r-devel-linux-x86_64-fedora-gcc
Version: 0.6.4
Check: installed package size
Result: NOTE
installed size is 5.6Mb
sub-directories of 1Mb or more:
data 3.2Mb
extdata 1.3Mb
Flavor: r-oldrel-macos-x86_64